{"id":90,"date":"2018-05-28T04:58:55","date_gmt":"2018-05-28T04:58:55","guid":{"rendered":"http:\/\/vasutca.rakdfel.hu\/?page_id=90"},"modified":"2024-07-01T11:28:41","modified_gmt":"2024-07-01T10:28:41","slug":"okj","status":"publish","type":"page","link":"https:\/\/www.vasutca.hu\/?page_id=90","title":{"rendered":"Szakmai k\u00e9pz\u00e9s"},"content":{"rendered":"<h2><strong>ESTI technikusi feln\u0151ttk\u00e9pz\u00e9s 8 h\u00f3nap alatt<\/strong><\/h2>\n<p><img loading=\"lazy\" decoding=\"async\" class=\"alignnone  wp-image-193\" src=\"http:\/\/www.vasutca.hu\/wp-content\/uploads\/2018\/09\/tablet-1910017_1920-1024x684.jpg\" alt=\"\" width=\"337\" height=\"225\" srcset=\"https:\/\/www.vasutca.hu\/wp-content\/uploads\/2018\/09\/tablet-1910017_1920-1024x684.jpg 1024w, https:\/\/www.vasutca.hu\/wp-content\/uploads\/2018\/09\/tablet-1910017_1920-300x200.jpg 300w, https:\/\/www.vasutca.hu\/wp-content\/uploads\/2018\/09\/tablet-1910017_1920-768x513.jpg 768w, https:\/\/www.vasutca.hu\/wp-content\/uploads\/2018\/09\/tablet-1910017_1920.jpg 1920w\" sizes=\"(max-width: 337px) 100vw, 337px\" \/><\/p>\n<ul>\n<li><strong>KERESKED\u0150 \u00c9S WEB\u00c1RUH\u00c1ZI TECHNIKUS<\/strong><\/li>\n<li><strong>TURISZTIKAI TECHNIKUS<\/strong><\/li>\n<\/ul>\n<p>ESTI K\u00c9PZ\u00c9S (KEDD, SZERDA, CS\u00dcT\u00d6RT\u00d6K 16 \u00d3R\u00c1T\u00d3L)<\/p>\n<p>ALAPVIZSGA A 10. H\u00c9TEN<\/p>\n<p>GYAKORLAT BESZ\u00c1M\u00cdTHAT\u00d3 MUNKAK\u00d6R ALAPJ\u00c1N<\/p>\n<p>ONLINE, OTTHON IS V\u00c9GEZHET\u0150 TANANYAG<\/p>\n<p><strong>B\u0151vebb inform\u00e1ci\u00f3 a szakm\u00e1kr\u00f3l:<\/strong><\/p>\n<p><a href=\"http:\/\/www.vasutca.hu\/wp-content\/uploads\/2020\/07\/Keresked\u0151-\u00e9s-web\u00e1ruh\u00e1zi-technikus.docx\">Keresked\u0151 \u00e9s web\u00e1ruh\u00e1zi technikus<\/a><\/p>\n<p>Online jelentkez\u00e9s:\u00a0<a href=\"https:\/\/docs.google.com\/forms\/d\/1GQCv75ZAiVzuiSLOtgzkcL4JCj8LRVdFUJA9MKo0fqY\/edit\">https:\/\/docs.google.com\/forms\/d\/1GQCv75ZAiVzuiSLOtgzkcL4JCj8LRVdFUJA9MKo0fqY\/edit<\/a><\/p>\n<p><!--more--><\/p>\n\n\n<div class=\"wp-block-file\"><a id=\"wp-block-file--media-0338f25d-ac1a-490e-9148-2545b6f3ffd8\" href=\"https:\/\/www.vasutca.hu\/wp-content\/uploads\/2024\/07\/Turisztikai-technikus.docx\"><strong>Turisztikai-technikus<\/strong><\/a><a href=\"https:\/\/www.vasutca.hu\/wp-content\/uploads\/2024\/07\/Turisztikai-technikus.docx\" class=\"wp-block-file__button wp-element-button\" download aria-describedby=\"wp-block-file--media-0338f25d-ac1a-490e-9148-2545b6f3ffd8\">Download<\/a><\/div>\n\n\n\n<p>Online jelentkez\u00e9s turisztikai technikus k\u00e9pz\u00e9sre: <a href=\"https:\/\/docs.google.com\/forms\/d\/1IP1IusVfssOaZIL5xVqN62PU4_WfGaZzpakccEBHgws\/edit\" data-type=\"link\" data-id=\"https:\/\/docs.google.com\/forms\/d\/1IP1IusVfssOaZIL5xVqN62PU4_WfGaZzpakccEBHgws\/edit\">https:\/\/docs.google.com\/forms\/d\/1IP1IusVfssOaZIL5xVqN62PU4_WfGaZzpakccEBHgws\/edit<\/a><\/p>\n\n\n\n<p><\/p>\n","protected":false},"excerpt":{"rendered":"<p>ESTI technikusi feln\u0151ttk\u00e9pz\u00e9s 8 h\u00f3nap alatt KERESKED\u0150 \u00c9S WEB\u00c1RUH\u00c1ZI TECHNIKUS TURISZTIKAI TECHNIKUS ESTI K\u00c9PZ\u00c9S (KEDD, SZERDA, CS\u00dcT\u00d6RT\u00d6K 16 \u00d3R\u00c1T\u00d3L) ALAPVIZSGA A 10. H\u00c9TEN GYAKORLAT BESZ\u00c1M\u00cdTHAT\u00d3 MUNKAK\u00d6R ALAPJ\u00c1N ONLINE, OTTHON IS V\u00c9GEZHET\u0150 TANANYAG B\u0151vebb inform\u00e1ci\u00f3 a szakm\u00e1kr\u00f3l: Keresked\u0151 \u00e9s web\u00e1ruh\u00e1zi technikus Online jelentkez\u00e9s:\u00a0https:\/\/docs.google.com\/forms\/d\/1GQCv75ZAiVzuiSLOtgzkcL4JCj8LRVdFUJA9MKo0fqY\/edit<\/p>\n","protected":false},"author":4,"featured_media":0,"parent":0,"menu_order":0,"comment_status":"closed","ping_status":"closed","template":"","meta":{"footnotes":""},"_links":{"self":[{"href":"https:\/\/www.vasutca.hu\/index.php?rest_route=\/wp\/v2\/pages\/90"}],"collection":[{"href":"https:\/\/www.vasutca.hu\/index.php?rest_route=\/wp\/v2\/pages"}],"about":[{"href":"https:\/\/www.vasutca.hu\/index.php?rest_route=\/wp\/v2\/types\/page"}],"author":[{"embeddable":true,"href":"https:\/\/www.vasutca.hu\/index.php?rest_route=\/wp\/v2\/users\/4"}],"replies":[{"embeddable":true,"href":"https:\/\/www.vasutca.hu\/index.php?rest_route=%2Fwp%2Fv2%2Fcomments&post=90"}],"version-history":[{"count":26,"href":"https:\/\/www.vasutca.hu\/index.php?rest_route=\/wp\/v2\/pages\/90\/revisions"}],"predecessor-version":[{"id":3175,"href":"https:\/\/www.vasutca.hu\/index.php?rest_route=\/wp\/v2\/pages\/90\/revisions\/3175"}],"wp:attachment":[{"href":"https:\/\/www.vasutca.hu\/index.php?rest_route=%2Fwp%2Fv2%2Fmedia&parent=90"}],"curies":[{"name":"wp","href":"https:\/\/api.w.org\/{rel}","templated":true}]}}