{"id":88,"date":"2018-05-28T04:58:39","date_gmt":"2018-05-28T04:58:39","guid":{"rendered":"http:\/\/vasutca.rakdfel.hu\/?page_id=88"},"modified":"2019-08-30T11:16:30","modified_gmt":"2019-08-30T10:16:30","slug":"galeria","status":"publish","type":"page","link":"https:\/\/www.vasutca.hu\/?page_id=88","title":{"rendered":"Gal\u00e9ria"},"content":{"rendered":"<header class=\"entry-header\">\n<h3>G\u00f3lyat\u00e1bor 2019. augusztus Esztergom<\/h3>\n<p><img loading=\"lazy\" decoding=\"async\" class=\"alignnone size-thumbnail wp-image-890\" src=\"http:\/\/www.vasutca.hu\/wp-content\/uploads\/2019\/08\/69262369_1150855755115174_7153011256868208640_n-1-150x150.jpg\" alt=\"\" width=\"150\" height=\"150\" srcset=\"https:\/\/www.vasutca.hu\/wp-content\/uploads\/2019\/08\/69262369_1150855755115174_7153011256868208640_n-1-150x150.jpg 150w, https:\/\/www.vasutca.hu\/wp-content\/uploads\/2019\/08\/69262369_1150855755115174_7153011256868208640_n-1-100x100.jpg 100w\" sizes=\"(max-width: 150px) 100vw, 150px\" \/> <img loading=\"lazy\" decoding=\"async\" class=\"alignnone size-medium wp-image-891\" src=\"http:\/\/www.vasutca.hu\/wp-content\/uploads\/2019\/08\/69795118_549411295826075_2025183208705884160_n-300x225.jpg\" alt=\"\" width=\"300\" height=\"225\" srcset=\"https:\/\/www.vasutca.hu\/wp-content\/uploads\/2019\/08\/69795118_549411295826075_2025183208705884160_n-300x225.jpg 300w, https:\/\/www.vasutca.hu\/wp-content\/uploads\/2019\/08\/69795118_549411295826075_2025183208705884160_n-768x576.jpg 768w, https:\/\/www.vasutca.hu\/wp-content\/uploads\/2019\/08\/69795118_549411295826075_2025183208705884160_n-1024x768.jpg 1024w, https:\/\/www.vasutca.hu\/wp-content\/uploads\/2019\/08\/69795118_549411295826075_2025183208705884160_n.jpg 1984w\" sizes=\"(max-width: 300px) 100vw, 300px\" \/> <img loading=\"lazy\" decoding=\"async\" class=\"alignnone size-medium wp-image-892\" src=\"http:\/\/www.vasutca.hu\/wp-content\/uploads\/2019\/08\/69947852_1994377607328953_7632406272268042240_n-300x225.jpg\" alt=\"\" width=\"300\" height=\"225\" srcset=\"https:\/\/www.vasutca.hu\/wp-content\/uploads\/2019\/08\/69947852_1994377607328953_7632406272268042240_n-300x225.jpg 300w, https:\/\/www.vasutca.hu\/wp-content\/uploads\/2019\/08\/69947852_1994377607328953_7632406272268042240_n-768x577.jpg 768w, https:\/\/www.vasutca.hu\/wp-content\/uploads\/2019\/08\/69947852_1994377607328953_7632406272268042240_n-1024x769.jpg 1024w, https:\/\/www.vasutca.hu\/wp-content\/uploads\/2019\/08\/69947852_1994377607328953_7632406272268042240_n.jpg 2048w\" sizes=\"(max-width: 300px) 100vw, 300px\" \/> <img loading=\"lazy\" decoding=\"async\" class=\"alignnone size-medium wp-image-893\" src=\"http:\/\/www.vasutca.hu\/wp-content\/uploads\/2019\/08\/69234019_317039425755643_3564086474947166208_n-225x300.jpg\" alt=\"\" width=\"225\" height=\"300\" srcset=\"https:\/\/www.vasutca.hu\/wp-content\/uploads\/2019\/08\/69234019_317039425755643_3564086474947166208_n-225x300.jpg 225w, https:\/\/www.vasutca.hu\/wp-content\/uploads\/2019\/08\/69234019_317039425755643_3564086474947166208_n-768x1024.jpg 768w, https:\/\/www.vasutca.hu\/wp-content\/uploads\/2019\/08\/69234019_317039425755643_3564086474947166208_n.jpg 1488w\" sizes=\"(max-width: 225px) 100vw, 225px\" \/> <img loading=\"lazy\" decoding=\"async\" class=\"alignnone size-medium wp-image-894\" src=\"http:\/\/www.vasutca.hu\/wp-content\/uploads\/2019\/08\/69097260_523256361814881_7891446551732551680_n-225x300.jpg\" alt=\"\" width=\"225\" height=\"300\" srcset=\"https:\/\/www.vasutca.hu\/wp-content\/uploads\/2019\/08\/69097260_523256361814881_7891446551732551680_n-225x300.jpg 225w, https:\/\/www.vasutca.hu\/wp-content\/uploads\/2019\/08\/69097260_523256361814881_7891446551732551680_n-768x1024.jpg 768w, https:\/\/www.vasutca.hu\/wp-content\/uploads\/2019\/08\/69097260_523256361814881_7891446551732551680_n.jpg 1488w\" sizes=\"(max-width: 225px) 100vw, 225px\" \/> <img loading=\"lazy\" decoding=\"async\" class=\"alignnone size-medium wp-image-895\" src=\"http:\/\/www.vasutca.hu\/wp-content\/uploads\/2019\/08\/69461176_740920956357957_5400943154499158016_n-225x300.jpg\" alt=\"\" width=\"225\" height=\"300\" srcset=\"https:\/\/www.vasutca.hu\/wp-content\/uploads\/2019\/08\/69461176_740920956357957_5400943154499158016_n-225x300.jpg 225w, https:\/\/www.vasutca.hu\/wp-content\/uploads\/2019\/08\/69461176_740920956357957_5400943154499158016_n-768x1024.jpg 768w, https:\/\/www.vasutca.hu\/wp-content\/uploads\/2019\/08\/69461176_740920956357957_5400943154499158016_n.jpg 1488w\" sizes=\"(max-width: 225px) 100vw, 225px\" \/> <img loading=\"lazy\" decoding=\"async\" class=\"alignnone size-medium wp-image-896\" src=\"http:\/\/www.vasutca.hu\/wp-content\/uploads\/2019\/08\/69358354_929367640730500_1712500458456612864_n-225x300.jpg\" alt=\"\" width=\"225\" height=\"300\" srcset=\"https:\/\/www.vasutca.hu\/wp-content\/uploads\/2019\/08\/69358354_929367640730500_1712500458456612864_n-225x300.jpg 225w, https:\/\/www.vasutca.hu\/wp-content\/uploads\/2019\/08\/69358354_929367640730500_1712500458456612864_n-768x1024.jpg 768w, https:\/\/www.vasutca.hu\/wp-content\/uploads\/2019\/08\/69358354_929367640730500_1712500458456612864_n.jpg 1488w\" sizes=\"(max-width: 225px) 100vw, 225px\" \/> <img loading=\"lazy\" decoding=\"async\" class=\"alignnone size-medium wp-image-897\" src=\"http:\/\/www.vasutca.hu\/wp-content\/uploads\/2019\/08\/69810696_862092800843548_2120587635079512064_n-225x300.jpg\" alt=\"\" width=\"225\" height=\"300\" srcset=\"https:\/\/www.vasutca.hu\/wp-content\/uploads\/2019\/08\/69810696_862092800843548_2120587635079512064_n-225x300.jpg 225w, https:\/\/www.vasutca.hu\/wp-content\/uploads\/2019\/08\/69810696_862092800843548_2120587635079512064_n-768x1024.jpg 768w, https:\/\/www.vasutca.hu\/wp-content\/uploads\/2019\/08\/69810696_862092800843548_2120587635079512064_n.jpg 1488w\" sizes=\"(max-width: 225px) 100vw, 225px\" \/> <img loading=\"lazy\" decoding=\"async\" class=\"alignnone size-medium wp-image-898\" src=\"http:\/\/www.vasutca.hu\/wp-content\/uploads\/2019\/08\/69262369_1150855755115174_7153011256868208640_n-225x300.jpg\" alt=\"\" width=\"225\" height=\"300\" srcset=\"https:\/\/www.vasutca.hu\/wp-content\/uploads\/2019\/08\/69262369_1150855755115174_7153011256868208640_n-225x300.jpg 225w, https:\/\/www.vasutca.hu\/wp-content\/uploads\/2019\/08\/69262369_1150855755115174_7153011256868208640_n-768x1024.jpg 768w, https:\/\/www.vasutca.hu\/wp-content\/uploads\/2019\/08\/69262369_1150855755115174_7153011256868208640_n.jpg 1488w\" sizes=\"(max-width: 225px) 100vw, 225px\" \/> <img loading=\"lazy\" decoding=\"async\" class=\"alignnone size-medium wp-image-899\" src=\"http:\/\/www.vasutca.hu\/wp-content\/uploads\/2019\/08\/69426562_490120348444389_6241463435373051904_n-300x225.jpg\" alt=\"\" width=\"300\" height=\"225\" srcset=\"https:\/\/www.vasutca.hu\/wp-content\/uploads\/2019\/08\/69426562_490120348444389_6241463435373051904_n-300x225.jpg 300w, https:\/\/www.vasutca.hu\/wp-content\/uploads\/2019\/08\/69426562_490120348444389_6241463435373051904_n-768x576.jpg 768w, https:\/\/www.vasutca.hu\/wp-content\/uploads\/2019\/08\/69426562_490120348444389_6241463435373051904_n-1024x768.jpg 1024w\" sizes=\"(max-width: 300px) 100vw, 300px\" \/> <img loading=\"lazy\" decoding=\"async\" class=\"alignnone size-medium wp-image-900\" src=\"http:\/\/www.vasutca.hu\/wp-content\/uploads\/2019\/08\/69216667_546797072527864_6791798245212291072_n-300x225.jpg\" alt=\"\" width=\"300\" height=\"225\" srcset=\"https:\/\/www.vasutca.hu\/wp-content\/uploads\/2019\/08\/69216667_546797072527864_6791798245212291072_n-300x225.jpg 300w, https:\/\/www.vasutca.hu\/wp-content\/uploads\/2019\/08\/69216667_546797072527864_6791798245212291072_n-768x576.jpg 768w, https:\/\/www.vasutca.hu\/wp-content\/uploads\/2019\/08\/69216667_546797072527864_6791798245212291072_n-1024x768.jpg 1024w\" sizes=\"(max-width: 300px) 100vw, 300px\" \/> <img loading=\"lazy\" decoding=\"async\" class=\"alignnone size-medium wp-image-901\" src=\"http:\/\/www.vasutca.hu\/wp-content\/uploads\/2019\/08\/69454891_921738848174230_6182497752056856576_n-300x225.jpg\" alt=\"\" width=\"300\" height=\"225\" srcset=\"https:\/\/www.vasutca.hu\/wp-content\/uploads\/2019\/08\/69454891_921738848174230_6182497752056856576_n-300x225.jpg 300w, https:\/\/www.vasutca.hu\/wp-content\/uploads\/2019\/08\/69454891_921738848174230_6182497752056856576_n-768x576.jpg 768w, https:\/\/www.vasutca.hu\/wp-content\/uploads\/2019\/08\/69454891_921738848174230_6182497752056856576_n-1024x768.jpg 1024w\" sizes=\"(max-width: 300px) 100vw, 300px\" \/> <img loading=\"lazy\" decoding=\"async\" class=\"alignnone size-medium wp-image-902\" src=\"http:\/\/www.vasutca.hu\/wp-content\/uploads\/2019\/08\/69264665_1016912502033616_8399054240932167680_n-300x225.jpg\" alt=\"\" width=\"300\" height=\"225\" srcset=\"https:\/\/www.vasutca.hu\/wp-content\/uploads\/2019\/08\/69264665_1016912502033616_8399054240932167680_n-300x225.jpg 300w, https:\/\/www.vasutca.hu\/wp-content\/uploads\/2019\/08\/69264665_1016912502033616_8399054240932167680_n-768x576.jpg 768w, https:\/\/www.vasutca.hu\/wp-content\/uploads\/2019\/08\/69264665_1016912502033616_8399054240932167680_n-1024x768.jpg 1024w\" sizes=\"(max-width: 300px) 100vw, 300px\" \/> <img loading=\"lazy\" decoding=\"async\" class=\"alignnone size-medium wp-image-903\" src=\"http:\/\/www.vasutca.hu\/wp-content\/uploads\/2019\/08\/69613856_2325196394262669_6141720692598505472_n-300x225.jpg\" alt=\"\" width=\"300\" height=\"225\" srcset=\"https:\/\/www.vasutca.hu\/wp-content\/uploads\/2019\/08\/69613856_2325196394262669_6141720692598505472_n-300x225.jpg 300w, https:\/\/www.vasutca.hu\/wp-content\/uploads\/2019\/08\/69613856_2325196394262669_6141720692598505472_n-768x576.jpg 768w, https:\/\/www.vasutca.hu\/wp-content\/uploads\/2019\/08\/69613856_2325196394262669_6141720692598505472_n-1024x768.jpg 1024w\" sizes=\"(max-width: 300px) 100vw, 300px\" \/> <img loading=\"lazy\" decoding=\"async\" class=\"alignnone size-medium wp-image-904\" src=\"http:\/\/www.vasutca.hu\/wp-content\/uploads\/2019\/08\/69507099_471404223709802_8134812000157958144_n-300x225.jpg\" alt=\"\" width=\"300\" height=\"225\" srcset=\"https:\/\/www.vasutca.hu\/wp-content\/uploads\/2019\/08\/69507099_471404223709802_8134812000157958144_n-300x225.jpg 300w, https:\/\/www.vasutca.hu\/wp-content\/uploads\/2019\/08\/69507099_471404223709802_8134812000157958144_n-768x576.jpg 768w, https:\/\/www.vasutca.hu\/wp-content\/uploads\/2019\/08\/69507099_471404223709802_8134812000157958144_n-1024x768.jpg 1024w, https:\/\/www.vasutca.hu\/wp-content\/uploads\/2019\/08\/69507099_471404223709802_8134812000157958144_n.jpg 1792w\" sizes=\"(max-width: 300px) 100vw, 300px\" \/><\/p>\n<h3><\/h3>\n<h3 class=\"entry-title\"><a href=\"http:\/\/www.vasutca.hu\/?p=350\" rel=\"bookmark\">Adventi v\u00e1s\u00e1r Ausztri\u00e1ban<\/a><\/h3>\n<\/header>\n<div class=\"entry-content\">\n<p><strong>2018. december 14.<\/strong><\/p>\n<h3 class=\"entry-title\"><a href=\"http:\/\/www.vasutca.hu\/?p=350\" rel=\"bookmark\"><img loading=\"lazy\" decoding=\"async\" class=\"alignnone size-large wp-image-438\" src=\"http:\/\/www.vasutca.hu\/wp-content\/uploads\/2018\/12\/Adventi-kir\u00e1ndul\u00e1s-1024x1024.jpg\" alt=\"\" width=\"525\" height=\"525\" srcset=\"https:\/\/www.vasutca.hu\/wp-content\/uploads\/2018\/12\/Adventi-kir\u00e1ndul\u00e1s-1024x1024.jpg 1024w, https:\/\/www.vasutca.hu\/wp-content\/uploads\/2018\/12\/Adventi-kir\u00e1ndul\u00e1s-150x150.jpg 150w, https:\/\/www.vasutca.hu\/wp-content\/uploads\/2018\/12\/Adventi-kir\u00e1ndul\u00e1s-300x300.jpg 300w, https:\/\/www.vasutca.hu\/wp-content\/uploads\/2018\/12\/Adventi-kir\u00e1ndul\u00e1s-768x768.jpg 768w, https:\/\/www.vasutca.hu\/wp-content\/uploads\/2018\/12\/Adventi-kir\u00e1ndul\u00e1s-100x100.jpg 100w, https:\/\/www.vasutca.hu\/wp-content\/uploads\/2018\/12\/Adventi-kir\u00e1ndul\u00e1s.jpg 2000w\" sizes=\"(max-width: 525px) 100vw, 525px\" \/><\/a><\/h3>\n<p>&nbsp;<\/p>\n<\/div>\n<hr \/>\n<p>2018. december &#8211; Korda Filmst\u00fadi\u00f3ban (Etyek) a 9.D \u00e9s 9.E oszt\u00e1lyok<\/p>\n<p><img loading=\"lazy\" decoding=\"async\" class=\"alignnone size-large wp-image-424\" src=\"http:\/\/www.vasutca.hu\/wp-content\/uploads\/2018\/12\/48370519_367726207335430_5926498446876868608_n-1024x768.jpg\" alt=\"\" width=\"525\" height=\"394\" srcset=\"https:\/\/www.vasutca.hu\/wp-content\/uploads\/2018\/12\/48370519_367726207335430_5926498446876868608_n-1024x768.jpg 1024w, https:\/\/www.vasutca.hu\/wp-content\/uploads\/2018\/12\/48370519_367726207335430_5926498446876868608_n-300x225.jpg 300w, https:\/\/www.vasutca.hu\/wp-content\/uploads\/2018\/12\/48370519_367726207335430_5926498446876868608_n-768x576.jpg 768w, https:\/\/www.vasutca.hu\/wp-content\/uploads\/2018\/12\/48370519_367726207335430_5926498446876868608_n.jpg 1488w\" sizes=\"(max-width: 525px) 100vw, 525px\" \/> <img loading=\"lazy\" decoding=\"async\" class=\"alignnone size-large wp-image-425\" src=\"http:\/\/www.vasutca.hu\/wp-content\/uploads\/2018\/12\/48387463_223304928591477_8819842894274756608_n-1024x768.jpg\" alt=\"\" width=\"525\" height=\"394\" srcset=\"https:\/\/www.vasutca.hu\/wp-content\/uploads\/2018\/12\/48387463_223304928591477_8819842894274756608_n-1024x768.jpg 1024w, https:\/\/www.vasutca.hu\/wp-content\/uploads\/2018\/12\/48387463_223304928591477_8819842894274756608_n-300x225.jpg 300w, https:\/\/www.vasutca.hu\/wp-content\/uploads\/2018\/12\/48387463_223304928591477_8819842894274756608_n-768x576.jpg 768w, https:\/\/www.vasutca.hu\/wp-content\/uploads\/2018\/12\/48387463_223304928591477_8819842894274756608_n.jpg 1488w\" sizes=\"(max-width: 525px) 100vw, 525px\" \/><img loading=\"lazy\" decoding=\"async\" class=\"alignnone size-large wp-image-427\" src=\"http:\/\/www.vasutca.hu\/wp-content\/uploads\/2018\/12\/48383346_1085444341628219_6948553736788639744_n-1024x768.jpg\" alt=\"\" width=\"525\" height=\"394\" srcset=\"https:\/\/www.vasutca.hu\/wp-content\/uploads\/2018\/12\/48383346_1085444341628219_6948553736788639744_n-1024x768.jpg 1024w, https:\/\/www.vasutca.hu\/wp-content\/uploads\/2018\/12\/48383346_1085444341628219_6948553736788639744_n-300x225.jpg 300w, https:\/\/www.vasutca.hu\/wp-content\/uploads\/2018\/12\/48383346_1085444341628219_6948553736788639744_n-768x576.jpg 768w\" sizes=\"(max-width: 525px) 100vw, 525px\" \/> <img loading=\"lazy\" decoding=\"async\" class=\"alignnone size-large wp-image-428\" src=\"http:\/\/www.vasutca.hu\/wp-content\/uploads\/2018\/12\/48383317_292162494660716_4248290463305433088_n-1024x768.jpg\" alt=\"\" width=\"525\" height=\"394\" srcset=\"https:\/\/www.vasutca.hu\/wp-content\/uploads\/2018\/12\/48383317_292162494660716_4248290463305433088_n-1024x768.jpg 1024w, https:\/\/www.vasutca.hu\/wp-content\/uploads\/2018\/12\/48383317_292162494660716_4248290463305433088_n-300x225.jpg 300w, https:\/\/www.vasutca.hu\/wp-content\/uploads\/2018\/12\/48383317_292162494660716_4248290463305433088_n-768x576.jpg 768w\" sizes=\"(max-width: 525px) 100vw, 525px\" \/> <img loading=\"lazy\" decoding=\"async\" class=\"alignnone size-large wp-image-429\" src=\"http:\/\/www.vasutca.hu\/wp-content\/uploads\/2018\/12\/48367165_276452656399246_928850479499182080_n-768x1024.jpg\" alt=\"\" width=\"525\" height=\"700\" srcset=\"https:\/\/www.vasutca.hu\/wp-content\/uploads\/2018\/12\/48367165_276452656399246_928850479499182080_n-768x1024.jpg 768w, https:\/\/www.vasutca.hu\/wp-content\/uploads\/2018\/12\/48367165_276452656399246_928850479499182080_n-225x300.jpg 225w\" sizes=\"(max-width: 525px) 100vw, 525px\" \/><\/p>\n<hr \/>\n<p>2018. Adventi teaoszt\u00e1s<\/p>\n<p><img loading=\"lazy\" decoding=\"async\" class=\"alignnone size-large wp-image-405\" src=\"http:\/\/www.vasutca.hu\/wp-content\/uploads\/2018\/12\/IMG_8427-1024x768.jpg\" alt=\"\" width=\"525\" height=\"394\" srcset=\"https:\/\/www.vasutca.hu\/wp-content\/uploads\/2018\/12\/IMG_8427-1024x768.jpg 1024w, https:\/\/www.vasutca.hu\/wp-content\/uploads\/2018\/12\/IMG_8427-300x225.jpg 300w, https:\/\/www.vasutca.hu\/wp-content\/uploads\/2018\/12\/IMG_8427-768x576.jpg 768w, https:\/\/www.vasutca.hu\/wp-content\/uploads\/2018\/12\/IMG_8427.jpg 1632w\" sizes=\"(max-width: 525px) 100vw, 525px\" \/> <img loading=\"lazy\" decoding=\"async\" class=\"alignnone size-large wp-image-406\" src=\"http:\/\/www.vasutca.hu\/wp-content\/uploads\/2018\/12\/Tea-1-1-1024x768.jpg\" alt=\"\" width=\"525\" height=\"394\" srcset=\"https:\/\/www.vasutca.hu\/wp-content\/uploads\/2018\/12\/Tea-1-1-1024x768.jpg 1024w, https:\/\/www.vasutca.hu\/wp-content\/uploads\/2018\/12\/Tea-1-1-300x225.jpg 300w, https:\/\/www.vasutca.hu\/wp-content\/uploads\/2018\/12\/Tea-1-1-768x576.jpg 768w, https:\/\/www.vasutca.hu\/wp-content\/uploads\/2018\/12\/Tea-1-1.jpg 1632w\" sizes=\"(max-width: 525px) 100vw, 525px\" \/> <img loading=\"lazy\" decoding=\"async\" class=\"alignnone size-large wp-image-407\" src=\"http:\/\/www.vasutca.hu\/wp-content\/uploads\/2018\/12\/Tea-3-1024x768.jpg\" alt=\"\" width=\"525\" height=\"394\" srcset=\"https:\/\/www.vasutca.hu\/wp-content\/uploads\/2018\/12\/Tea-3-1024x768.jpg 1024w, https:\/\/www.vasutca.hu\/wp-content\/uploads\/2018\/12\/Tea-3-300x225.jpg 300w, https:\/\/www.vasutca.hu\/wp-content\/uploads\/2018\/12\/Tea-3-768x576.jpg 768w, https:\/\/www.vasutca.hu\/wp-content\/uploads\/2018\/12\/Tea-3.jpg 1632w\" sizes=\"(max-width: 525px) 100vw, 525px\" \/><\/p>\n<p>2018. december &#8211; Mikul\u00e1s<\/p>\n<p><img loading=\"lazy\" decoding=\"async\" class=\"alignnone size-large wp-image-403\" src=\"http:\/\/www.vasutca.hu\/wp-content\/uploads\/2018\/12\/IMG_8354-768x1024.jpg\" alt=\"\" width=\"525\" height=\"700\" srcset=\"https:\/\/www.vasutca.hu\/wp-content\/uploads\/2018\/12\/IMG_8354-768x1024.jpg 768w, https:\/\/www.vasutca.hu\/wp-content\/uploads\/2018\/12\/IMG_8354-225x300.jpg 225w, https:\/\/www.vasutca.hu\/wp-content\/uploads\/2018\/12\/IMG_8354.jpg 1224w\" sizes=\"(max-width: 525px) 100vw, 525px\" \/> <img loading=\"lazy\" decoding=\"async\" class=\"alignnone size-large wp-image-404\" src=\"http:\/\/www.vasutca.hu\/wp-content\/uploads\/2018\/12\/Iskolai-Mikul\u00e1s-1024x768.jpg\" alt=\"\" width=\"525\" height=\"394\" srcset=\"https:\/\/www.vasutca.hu\/wp-content\/uploads\/2018\/12\/Iskolai-Mikul\u00e1s-1024x768.jpg 1024w, https:\/\/www.vasutca.hu\/wp-content\/uploads\/2018\/12\/Iskolai-Mikul\u00e1s-300x225.jpg 300w, https:\/\/www.vasutca.hu\/wp-content\/uploads\/2018\/12\/Iskolai-Mikul\u00e1s-768x576.jpg 768w, https:\/\/www.vasutca.hu\/wp-content\/uploads\/2018\/12\/Iskolai-Mikul\u00e1s.jpg 1632w\" sizes=\"(max-width: 525px) 100vw, 525px\" \/><\/p>\n<p>2018. m\u00e1jus 26. \u00d6regdi\u00e1k tal\u00e1lkoz\u00f3<\/p>\n<p><img loading=\"lazy\" decoding=\"async\" class=\"alignnone size-large wp-image-387\" src=\"http:\/\/www.vasutca.hu\/wp-content\/uploads\/2018\/12\/IMG_20180525_170943-min-768x1024.jpg\" alt=\"\" width=\"525\" height=\"700\" srcset=\"https:\/\/www.vasutca.hu\/wp-content\/uploads\/2018\/12\/IMG_20180525_170943-min-768x1024.jpg 768w, https:\/\/www.vasutca.hu\/wp-content\/uploads\/2018\/12\/IMG_20180525_170943-min-225x300.jpg 225w\" sizes=\"(max-width: 525px) 100vw, 525px\" \/> <img loading=\"lazy\" decoding=\"async\" class=\"alignnone size-large wp-image-388\" src=\"http:\/\/www.vasutca.hu\/wp-content\/uploads\/2018\/12\/IMG_20180525_170727-min-768x1024.jpg\" alt=\"\" width=\"525\" height=\"700\" srcset=\"https:\/\/www.vasutca.hu\/wp-content\/uploads\/2018\/12\/IMG_20180525_170727-min-768x1024.jpg 768w, https:\/\/www.vasutca.hu\/wp-content\/uploads\/2018\/12\/IMG_20180525_170727-min-225x300.jpg 225w\" sizes=\"(max-width: 525px) 100vw, 525px\" \/> <img loading=\"lazy\" decoding=\"async\" class=\"alignnone size-large wp-image-389\" src=\"http:\/\/www.vasutca.hu\/wp-content\/uploads\/2018\/12\/IMG_20180525_170731-min-768x1024.jpg\" alt=\"\" width=\"525\" height=\"700\" srcset=\"https:\/\/www.vasutca.hu\/wp-content\/uploads\/2018\/12\/IMG_20180525_170731-min-768x1024.jpg 768w, https:\/\/www.vasutca.hu\/wp-content\/uploads\/2018\/12\/IMG_20180525_170731-min-225x300.jpg 225w\" sizes=\"(max-width: 525px) 100vw, 525px\" \/> <img loading=\"lazy\" decoding=\"async\" class=\"alignnone size-large wp-image-390\" src=\"http:\/\/www.vasutca.hu\/wp-content\/uploads\/2018\/12\/IMG_20180525_170721-min-768x1024.jpg\" alt=\"\" width=\"525\" height=\"700\" srcset=\"https:\/\/www.vasutca.hu\/wp-content\/uploads\/2018\/12\/IMG_20180525_170721-min-768x1024.jpg 768w, https:\/\/www.vasutca.hu\/wp-content\/uploads\/2018\/12\/IMG_20180525_170721-min-225x300.jpg 225w\" sizes=\"(max-width: 525px) 100vw, 525px\" \/><\/p>\n","protected":false},"excerpt":{"rendered":"<p>G\u00f3lyat\u00e1bor 2019. augusztus Esztergom Adventi v\u00e1s\u00e1r Ausztri\u00e1ban 2018. december 14. &nbsp; 2018. december &#8211; Korda Filmst\u00fadi\u00f3ban (Etyek) a 9.D \u00e9s 9.E oszt\u00e1lyok 2018. Adventi teaoszt\u00e1s 2018. december &#8211; Mikul\u00e1s 2018. m\u00e1jus 26. \u00d6regdi\u00e1k tal\u00e1lkoz\u00f3<\/p>\n","protected":false},"author":4,"featured_media":0,"parent":0,"menu_order":0,"comment_status":"closed","ping_status":"closed","template":"","meta":{"footnotes":""},"_links":{"self":[{"href":"https:\/\/www.vasutca.hu\/index.php?rest_route=\/wp\/v2\/pages\/88"}],"collection":[{"href":"https:\/\/www.vasutca.hu\/index.php?rest_route=\/wp\/v2\/pages"}],"about":[{"href":"https:\/\/www.vasutca.hu\/index.php?rest_route=\/wp\/v2\/types\/page"}],"author":[{"embeddable":true,"href":"https:\/\/www.vasutca.hu\/index.php?rest_route=\/wp\/v2\/users\/4"}],"replies":[{"embeddable":true,"href":"https:\/\/www.vasutca.hu\/index.php?rest_route=%2Fwp%2Fv2%2Fcomments&post=88"}],"version-history":[{"count":9,"href":"https:\/\/www.vasutca.hu\/index.php?rest_route=\/wp\/v2\/pages\/88\/revisions"}],"predecessor-version":[{"id":905,"href":"https:\/\/www.vasutca.hu\/index.php?rest_route=\/wp\/v2\/pages\/88\/revisions\/905"}],"wp:attachment":[{"href":"https:\/\/www.vasutca.hu\/index.php?rest_route=%2Fwp%2Fv2%2Fmedia&parent=88"}],"curies":[{"name":"wp","href":"https:\/\/api.w.org\/{rel}","templated":true}]}}