{"id":80,"date":"2018-05-28T04:57:26","date_gmt":"2018-05-28T04:57:26","guid":{"rendered":"http:\/\/vasutca.rakdfel.hu\/?page_id=80"},"modified":"2024-01-30T10:58:47","modified_gmt":"2024-01-30T09:58:47","slug":"alapitvany","status":"publish","type":"page","link":"https:\/\/www.vasutca.hu\/?page_id=80","title":{"rendered":"Alap\u00edtv\u00e1ny: SZ\u00c9CHENYI 200 ALAPITV\u00c1NY"},"content":{"rendered":"<dl class=\"article-info muted\"><\/dl>\n<div style=\"text-align: left;\">\n<section><img loading=\"lazy\" decoding=\"async\" class=\"alignnone  wp-image-2533\" src=\"http:\/\/www.vasutca.hu\/wp-content\/uploads\/2023\/02\/hand-g0ae4fd91e_1920.jpg\" alt=\"\" width=\"410\" height=\"203\" srcset=\"https:\/\/www.vasutca.hu\/wp-content\/uploads\/2023\/02\/hand-g0ae4fd91e_1920.jpg 1920w, https:\/\/www.vasutca.hu\/wp-content\/uploads\/2023\/02\/hand-g0ae4fd91e_1920-300x149.jpg 300w, https:\/\/www.vasutca.hu\/wp-content\/uploads\/2023\/02\/hand-g0ae4fd91e_1920-1024x507.jpg 1024w, https:\/\/www.vasutca.hu\/wp-content\/uploads\/2023\/02\/hand-g0ae4fd91e_1920-768x380.jpg 768w, https:\/\/www.vasutca.hu\/wp-content\/uploads\/2023\/02\/hand-g0ae4fd91e_1920-1536x761.jpg 1536w\" sizes=\"(max-width: 410px) 100vw, 410px\" \/><\/section>\n<section><\/section>\n<section class=\"entry-content\">Az alap\u00edtv\u00e1nyunk kiz\u00e1r\u00f3lag a tanul\u00f3kat t\u00e1mogatja. A t\u00e1mogat\u00e1sk\u00e9nt befizetett \u00f6sszegeket tanulm\u00e1nyi \u00f6szt\u00f6nd\u00edjakra, szoci\u00e1lis seg\u00e9lyekre, tanulm\u00e1nyi versenyekre, sz\u00ednh\u00e1zb\u00e9rletek v\u00e1s\u00e1rl\u00e1s\u00e1ra, di\u00e1kok jutalmaz\u00e1s\u00e1ra, iskolai kir\u00e1ndul\u00e1sok t\u00e1mogat\u00e1s\u00e1ra ford\u00edtja az alap\u00edtv\u00e1ny.<\/section>\n<section class=\"entry-content\">Amennyiben k\u00f6zvetlen\u00fcl szeretn\u00e9 az alap\u00edtv\u00e1nyt t\u00e1mogatni, az alap\u00edtv\u00e1ny banksz\u00e1mlasz\u00e1ma:<\/section>\n<section class=\"entry-content\"><strong>SZ\u00c9CHENYI 200 ALAPITV\u00c1NY<\/strong><\/section>\n<section class=\"entry-content\"><strong>10200854-32512342-00000000<\/strong><\/section>\n<section><strong>Az alap\u00edtv\u00e1ny ad\u00f3sz\u00e1ma: 18004298-1-42<\/strong><\/section>\n<section class=\"entry-content\">A\u00a0k\u00f6zlem\u00e9nyben k\u00e9rj\u00fck t\u00fcntesse fel gyermeke nev\u00e9t \u00e9s oszt\u00e1ly\u00e1t!<\/section>\n<section class=\"entry-content\">Sokban seg\u00edtheti \u00d6n is a di\u00e1kok t\u00e1mogat\u00e1s\u00e1t, ha az SZJA 1%-os felaj\u00e1nl\u00e1s\u00e1t iskol\u00e1nk alap\u00edtv\u00e1ny\u00e1nak k\u00e9ri!<\/p>\n<p>Nagyon k\u00f6sz\u00f6n\u00fcnk minden t\u00e1mogat\u00e1st a di\u00e1kok nev\u00e9ben!<\/p>\n<\/section>\n<\/div>\n","protected":false},"excerpt":{"rendered":"<p>Az alap\u00edtv\u00e1nyunk kiz\u00e1r\u00f3lag a tanul\u00f3kat t\u00e1mogatja. A t\u00e1mogat\u00e1sk\u00e9nt befizetett \u00f6sszegeket tanulm\u00e1nyi \u00f6szt\u00f6nd\u00edjakra, szoci\u00e1lis seg\u00e9lyekre, tanulm\u00e1nyi versenyekre, sz\u00ednh\u00e1zb\u00e9rletek v\u00e1s\u00e1rl\u00e1s\u00e1ra, di\u00e1kok jutalmaz\u00e1s\u00e1ra, iskolai kir\u00e1ndul\u00e1sok t\u00e1mogat\u00e1s\u00e1ra ford\u00edtja az alap\u00edtv\u00e1ny. Amennyiben k\u00f6zvetlen\u00fcl szeretn\u00e9 az alap\u00edtv\u00e1nyt t\u00e1mogatni, az alap\u00edtv\u00e1ny banksz\u00e1mlasz\u00e1ma: SZ\u00c9CHENYI 200 ALAPITV\u00c1NY 10200854-32512342-00000000 Az alap\u00edtv\u00e1ny ad\u00f3sz\u00e1ma: 18004298-1-42 A\u00a0k\u00f6zlem\u00e9nyben k\u00e9rj\u00fck t\u00fcntesse fel gyermeke nev\u00e9t \u00e9s oszt\u00e1ly\u00e1t! Sokban seg\u00edtheti \u00d6n is &hellip; <\/p>\n<p class=\"link-more\"><a href=\"https:\/\/www.vasutca.hu\/?page_id=80\" class=\"more-link\"><span class=\"screen-reader-text\">&#8220;Alap\u00edtv\u00e1ny: SZ\u00c9CHENYI 200 ALAPITV\u00c1NY&#8221;<\/span> b\u0151vebben<\/a><\/p>\n","protected":false},"author":4,"featured_media":0,"parent":0,"menu_order":0,"comment_status":"closed","ping_status":"closed","template":"","meta":{"footnotes":""},"_links":{"self":[{"href":"https:\/\/www.vasutca.hu\/index.php?rest_route=\/wp\/v2\/pages\/80"}],"collection":[{"href":"https:\/\/www.vasutca.hu\/index.php?rest_route=\/wp\/v2\/pages"}],"about":[{"href":"https:\/\/www.vasutca.hu\/index.php?rest_route=\/wp\/v2\/types\/page"}],"author":[{"embeddable":true,"href":"https:\/\/www.vasutca.hu\/index.php?rest_route=\/wp\/v2\/users\/4"}],"replies":[{"embeddable":true,"href":"https:\/\/www.vasutca.hu\/index.php?rest_route=%2Fwp%2Fv2%2Fcomments&post=80"}],"version-history":[{"count":12,"href":"https:\/\/www.vasutca.hu\/index.php?rest_route=\/wp\/v2\/pages\/80\/revisions"}],"predecessor-version":[{"id":2948,"href":"https:\/\/www.vasutca.hu\/index.php?rest_route=\/wp\/v2\/pages\/80\/revisions\/2948"}],"wp:attachment":[{"href":"https:\/\/www.vasutca.hu\/index.php?rest_route=%2Fwp%2Fv2%2Fmedia&parent=80"}],"curies":[{"name":"wp","href":"https:\/\/api.w.org\/{rel}","templated":true}]}}