{"id":78,"date":"2018-05-28T04:57:09","date_gmt":"2018-05-28T04:57:09","guid":{"rendered":"http:\/\/vasutca.rakdfel.hu\/?page_id=78"},"modified":"2026-01-21T13:17:26","modified_gmt":"2026-01-21T12:17:26","slug":"munkatarsaink","status":"publish","type":"page","link":"https:\/\/www.vasutca.hu\/?page_id=78","title":{"rendered":"Munkat\u00e1rsaink"},"content":{"rendered":"\n<figure class=\"wp-block-table is-style-stripes\"><table><tbody><tr><td><strong>Pfeiffer Tam\u00e1s Istv\u00e1n<\/strong><\/td><td>igazgat\u00f3, magyar nyelv \u00e9s irodalom<\/td><\/tr><tr><td><strong>T\u00f3thn\u00e9 Szalay Andrea<\/strong><\/td><td>igazgat\u00f3helyettes, testnevel\u00e9s, 13.A oszt\u00e1lyf\u0151n\u00f6ke<\/td><\/tr><tr><td><strong>Macsk\u00e1syn\u00e9 Harn\u00f3cz Kl\u00e1ra<\/strong><\/td><td>igazgat\u00f3helyettes, gyakorlati oktat\u00e1s vezet\u0151, kereskedelmi gazdas\u00e1gtan, v\u00e1llalkoz\u00e1stan, kereskedelem alapjai<\/td><\/tr><tr><td><strong>S\u00e1ndor Zsolt<\/strong><\/td><td>\u00e1ltal\u00e1nos igazgat\u00f3helyettes;&nbsp;digit\u00e1lis kult\u00fara, IKT a vend\u00e9gl\u00e1t\u00e1sban, digit\u00e1lis alkalmaz\u00e1sok, digitaliz\u00e1ci\u00f3, matematika<\/td><\/tr><tr><td><\/td><td><\/td><\/tr><tr><td><strong>B\u00e1nkuti L\u00e1szl\u00f3<\/strong><\/td><td>kereskedelmi gazdas\u00e1gtan, gazdas\u00e1gi ismeretek, kereskedelem alapjai, jogi ismeretek; munkak\u00f6z\u00f6ss\u00e9g vezet\u0151 (p\u00e1ly\u00e1zat\u00edr\u00f3), 10.A oszt\u00e1lyf\u0151n\u00f6ke<\/td><\/tr><tr><td><strong>Baranyi Rich\u00e1rd<\/strong><\/td><td>t\u00f6rt\u00e9nelem, 11.E oszt\u00e1lyf\u0151n\u00f6ke<\/td><\/tr><tr><td><strong>Bezer\u00e9di Katalin<\/strong><\/td><td>magyar nyelv \u00e9s irodalom, 9.A oszt\u00e1lyf\u0151n\u00f6ke<\/td><\/tr><tr><td><strong>Dr. Cserv\u00e1kn\u00e9 Rad\u00f3 Ibolya<\/strong><\/td><td>szakmai t\u00e1rgyak<\/td><\/tr><tr><td><strong>Erd\u00e9lyi Varga Marianna<\/strong><\/td><td>matematika<\/td><\/tr><tr><td><strong>Fegyver Zsolt<\/strong><\/td><td>kereskedelmi gazdas\u00e1gtan, term\u00e9kismeret, gazdas\u00e1gi ismeretek, 11.A  oszt\u00e1lyf\u0151n\u00f6ke<\/td><\/tr><tr><td><strong>G\u00e1jer Szilvia<\/strong><\/td><td>matematika, digit\u00e1lis kult\u00fara, IKT a vend\u00e9gl\u00e1t\u00e1sban, 10.D oszt\u00e1lyf\u0151n\u00f6ke<\/td><\/tr><tr><td><strong>G\u00e9resi Ferenc<\/strong><\/td><td>f\u00f6ldrajz, komplex term\u00e9szettudom\u00e1ny<\/td><\/tr><tr><td><strong>Dr. Gizawn\u00e9 Imre Anik\u00f3<\/strong><\/td><td>matematika<\/td><\/tr><tr><td><strong>Halmi Zs\u00f3fia<\/strong><\/td><td>n\u00e9met nyelv<\/td><\/tr><tr><td><strong>Jakab Szilvia<\/strong><\/td><td>fejleszt\u0151pedag\u00f3gus<\/td><\/tr><tr><td><strong>Katona Andr\u00e1s<\/strong><\/td><td>honv\u00e9delmi ismeretek<\/td><\/tr><tr><td><strong>Kissn\u00e9 D\u00e9zsi Erika<\/strong><\/td><td>szakmai t\u00e1rgyak<\/td><\/tr><tr><td><strong>K\u0151hegyi Zsuzsanna<\/strong><\/td><td>angol nyelv<\/td><\/tr><tr><td><strong>K\u00f6vesdin\u00e9 Dajka Kriszta<\/strong><\/td><td>n\u00e9met nyelv<\/td><\/tr><tr><td><strong>Laboda M\u00e1ria<\/strong><\/td><td>angol nyelv<\/td><\/tr><tr><td><strong>L\u00e1bodin\u00e9 Siket Judit<\/strong><\/td><td>testnevel\u00e9s, 10.E oszt\u00e1lyf\u0151n\u00f6ke<\/td><\/tr><tr><td><strong>Mih\u00e1ly T\u00fcnde<\/strong><\/td><td>angol nyelv, 12.D oszt\u00e1lyf\u0151n\u00f6ke <\/td><\/tr><tr><td><strong>Nagy Andrea Beatrix<\/strong><\/td><td>matematika<\/td><\/tr><tr><td><strong>Nagy Annam\u00e1ria<\/strong><\/td><td>n\u00e9met nyelv, 12.B oszt\u00e1lyf\u0151n\u00f6ke <\/td><\/tr><tr><td><strong>Nagy Erzs\u00e9bet Kl\u00e1ra<\/strong><\/td><td>marketing, kereskedelem alapjai, term\u00e9kismeret, rekl\u00e1m \u00e9s v\u00e1s\u00e1rl\u00e1s\u00f6szt\u00f6nz\u00e9s, \u00fcgyf\u00e9lkapcsolatok; 13. B oszt\u00e1lyf\u0151n\u00f6ke<\/td><\/tr><tr><td><strong>Nagyn\u00e9 Cs\u00f6rsz Vikt\u00f3ria<\/strong><\/td><td>magyar nyelv \u00e9s irodalom; nevel\u00e9si munkak\u00f6z\u00f6ss\u00e9g vezet\u0151je;  13. E oszt\u00e1lyf\u0151n\u00f6ke<\/td><\/tr><tr><td><strong>N\u00e1n Istv\u00e1n<\/strong><\/td><td>szakmai t\u00e1rgyak<\/td><\/tr><tr><td><strong>Dr. Nagy-Kov\u00e1cs Erika M\u00e1ria<\/strong><\/td><td>termel\u00e9si \u00e9rt\u00e9kes\u00edt\u00e9si \u00e9s turisztikai alapismeretek, speci\u00e1lis szolg\u00e1ltat\u00e1sok, adminisztr\u00e1ci\u00f3 \u00e9s elsz\u00e1mol\u00e1s<\/td><\/tr><tr><td><strong>Dr. Osv\u00e1thn\u00e9 Bolla M\u00e1ria<\/strong><\/td><td>matamatika<\/td><\/tr><tr><td><strong>Palanek \u00c9va<\/strong><\/td><td>testnevel\u00e9s<\/td><\/tr><tr><td><strong>R\u00f6ser Julianna<\/strong><\/td><td>magyar nyelv \u00e9s irodalom, n\u00e9met nyelv, 9.D oszt\u00e1lyf\u0151n\u00f6ke<\/td><\/tr><tr><td><strong>S\u00e9fer Tam\u00e1s<\/strong><\/td><td>testnevel\u00e9s<\/td><\/tr><tr><td><strong>Simon \u00c1gnes<\/strong><\/td><td>n\u00e9met nyelv, 11.D oszt\u00e1lyf\u0151n\u00f6ke<\/td><\/tr><tr><td><strong>Szab\u00f3 S\u00e1ndor<\/strong><\/td><td>matamatika<\/td><\/tr><tr><td><strong>Szatm\u00e1ri Andr\u00e1s<\/strong><\/td><td>termel\u00e9si \u00e9rt\u00e9kes\u00edt\u00e9si \u00e9s turisztikai alapismeretek <\/td><\/tr><tr><td><strong>Szab\u00f3n\u00e9 Sinka T\u00fcnde<\/strong><\/td><td>turisztikai \u00fczlet\u00e1gak, 9.E oszt\u00e1lyf\u0151n\u00f6ke<\/td><\/tr><tr><td><strong>Szolga R\u00e9ka<\/strong><\/td><td>angol nyelv<\/td><\/tr><tr><td><strong>Szopk\u00f3 Vikt\u00f3ria<\/strong><\/td><td>angol nyelv<\/td><\/tr><tr><td><strong>Tak\u00e1csn\u00e9 Sipt\u00e1r \u00c1gnes<\/strong><\/td><td>turisztikai \u00fczlet\u00e1gak, \u00fczleti kalkul\u00e1ci\u00f3 \u00e9s k\u00f6lts\u00e9ggazd\u00e1lkod\u00e1s,  utaz\u00e1sszervez\u00e9s; munkak\u00f6z\u00f6ss\u00e9gvezet\u0151; 13.D oszt\u00e1lyf\u0151n\u00f6ke<\/td><\/tr><tr><td><strong>Dr. T\u00f3th M. Zsombor<\/strong><\/td><td>magyar nyelv \u00e9s irodalom, angol nyelv; idegen nyelvi munkak\u00f6z\u00f6ss\u00e9g vezet\u0151je; 12.A oszt\u00e1lyf\u0151n\u00f6ke<\/td><\/tr><tr><td><strong>Dr. Varga Andr\u00e1s<\/strong><\/td><td>t\u00f6rt\u00e9nelem, munkak\u00f6z\u00f6ss\u00e9gvezet\u0151; 12.E oszt\u00e1lyf\u0151n\u00f6ke<\/td><\/tr><tr><td><strong>Bog\u00e1ti \u00c1rp\u00e1d<\/strong><\/td><td>gazdas\u00e1gi \u00fcgyint\u00e9z\u0151<\/td><\/tr><tr><td><strong>Jord\u00e1n Erzs\u00e9bet<\/strong><\/td><td>iskolatitk\u00e1r<\/td><\/tr><tr><td><strong>Szab\u00f3 D\u00e1niel<\/strong><\/td><td>rendszergazda<\/td><\/tr><tr><td><\/td><td><\/td><\/tr><tr><td>Fogad\u00f3\u00f3r\u00e1t tan\u00e1raink el\u0151zetes id\u0151pontegyeztet\u00e9s ut\u00e1n tartanak (0613384480 vagy KR\u00c9TA \u00fczen\u0151 fel\u00fclete).<\/td><\/tr><\/tbody><\/table><\/figure>\n\n\n\n<div class=\"wp-block-columns are-vertically-aligned-top is-layout-flex wp-container-core-columns-layout-2 wp-block-columns-is-layout-flex\">\n<div class=\"wp-block-column is-vertically-aligned-top is-layout-flow wp-block-column-is-layout-flow\" style=\"flex-basis:100%\">\n<div class=\"wp-block-group is-layout-flow wp-block-group-is-layout-flow\"><div class=\"wp-block-group__inner-container\">\n<div class=\"wp-block-group is-vertical is-layout-flex wp-container-core-group-layout-1 wp-block-group-is-layout-flex\">\n<div class=\"wp-block-columns is-layout-flex wp-container-core-columns-layout-1 wp-block-columns-is-layout-flex\">\n<div class=\"wp-block-column is-layout-flow wp-block-column-is-layout-flow\" style=\"flex-basis:100%\"><\/div>\n<\/div>\n\n\n\n<div class=\"wp-block-file\"><a id=\"wp-block-file--media-fec5090a-c8f5-4647-8f5d-a9749d6b4955\" href=\"https:\/\/www.vasutca.hu\/wp-content\/uploads\/2025\/04\/oktatok-vegzettsege.pdf\">oktatok-vegzettsege<\/a><a href=\"https:\/\/www.vasutca.hu\/wp-content\/uploads\/2025\/04\/oktatok-vegzettsege.pdf\" class=\"wp-block-file__button wp-element-button\" download aria-describedby=\"wp-block-file--media-fec5090a-c8f5-4647-8f5d-a9749d6b4955\">Download<\/a><\/div>\n<\/div>\n<\/div><\/div>\n<\/div>\n<\/div>\n","protected":false},"excerpt":{"rendered":"<p>Pfeiffer Tam\u00e1s Istv\u00e1n igazgat\u00f3, magyar nyelv \u00e9s irodalom T\u00f3thn\u00e9 Szalay Andrea igazgat\u00f3helyettes, testnevel\u00e9s, 13.A oszt\u00e1lyf\u0151n\u00f6ke Macsk\u00e1syn\u00e9 Harn\u00f3cz Kl\u00e1ra igazgat\u00f3helyettes, gyakorlati oktat\u00e1s vezet\u0151, kereskedelmi gazdas\u00e1gtan, v\u00e1llalkoz\u00e1stan, kereskedelem alapjai S\u00e1ndor Zsolt \u00e1ltal\u00e1nos igazgat\u00f3helyettes;&nbsp;digit\u00e1lis kult\u00fara, IKT a vend\u00e9gl\u00e1t\u00e1sban, digit\u00e1lis alkalmaz\u00e1sok, digitaliz\u00e1ci\u00f3, matematika B\u00e1nkuti L\u00e1szl\u00f3 kereskedelmi gazdas\u00e1gtan, gazdas\u00e1gi ismeretek, kereskedelem alapjai, jogi ismeretek; munkak\u00f6z\u00f6ss\u00e9g vezet\u0151 (p\u00e1ly\u00e1zat\u00edr\u00f3), 10.A oszt\u00e1lyf\u0151n\u00f6ke Baranyi &hellip; <\/p>\n<p class=\"link-more\"><a href=\"https:\/\/www.vasutca.hu\/?page_id=78\" class=\"more-link\"><span class=\"screen-reader-text\">&#8220;Munkat\u00e1rsaink&#8221;<\/span> b\u0151vebben<\/a><\/p>\n","protected":false},"author":4,"featured_media":0,"parent":33,"menu_order":0,"comment_status":"closed","ping_status":"closed","template":"","meta":{"footnotes":""},"_links":{"self":[{"href":"https:\/\/www.vasutca.hu\/index.php?rest_route=\/wp\/v2\/pages\/78"}],"collection":[{"href":"https:\/\/www.vasutca.hu\/index.php?rest_route=\/wp\/v2\/pages"}],"about":[{"href":"https:\/\/www.vasutca.hu\/index.php?rest_route=\/wp\/v2\/types\/page"}],"author":[{"embeddable":true,"href":"https:\/\/www.vasutca.hu\/index.php?rest_route=\/wp\/v2\/users\/4"}],"replies":[{"embeddable":true,"href":"https:\/\/www.vasutca.hu\/index.php?rest_route=%2Fwp%2Fv2%2Fcomments&post=78"}],"version-history":[{"count":38,"href":"https:\/\/www.vasutca.hu\/index.php?rest_route=\/wp\/v2\/pages\/78\/revisions"}],"predecessor-version":[{"id":4023,"href":"https:\/\/www.vasutca.hu\/index.php?rest_route=\/wp\/v2\/pages\/78\/revisions\/4023"}],"up":[{"embeddable":true,"href":"https:\/\/www.vasutca.hu\/index.php?rest_route=\/wp\/v2\/pages\/33"}],"wp:attachment":[{"href":"https:\/\/www.vasutca.hu\/index.php?rest_route=%2Fwp%2Fv2%2Fmedia&parent=78"}],"curies":[{"name":"wp","href":"https:\/\/api.w.org\/{rel}","templated":true}]}}