{"id":583,"date":"2019-03-14T09:30:03","date_gmt":"2019-03-14T08:30:03","guid":{"rendered":"http:\/\/www.vasutca.hu\/?page_id=583"},"modified":"2019-03-14T09:32:19","modified_gmt":"2019-03-14T08:32:19","slug":"1848-marcius-15","status":"publish","type":"page","link":"https:\/\/www.vasutca.hu\/?page_id=583","title":{"rendered":"1848. m\u00e1rcius 15."},"content":{"rendered":"<p><img loading=\"lazy\" decoding=\"async\" class=\"size-medium wp-image-584 aligncenter\" src=\"http:\/\/www.vasutca.hu\/wp-content\/uploads\/2019\/03\/marcius-300x233.jpg\" alt=\"\" width=\"300\" height=\"233\" srcset=\"https:\/\/www.vasutca.hu\/wp-content\/uploads\/2019\/03\/marcius-300x233.jpg 300w, https:\/\/www.vasutca.hu\/wp-content\/uploads\/2019\/03\/marcius-768x597.jpg 768w, https:\/\/www.vasutca.hu\/wp-content\/uploads\/2019\/03\/marcius-1024x797.jpg 1024w, https:\/\/www.vasutca.hu\/wp-content\/uploads\/2019\/03\/marcius.jpg 1157w\" sizes=\"(max-width: 300px) 100vw, 300px\" \/><\/p>\n<p>Kedves Di\u00e1kok!<\/p>\n<p>Az \u00fcnnep alkalm\u00e1b\u00f3l egy filmet tekinthettek meg, mely a Pilvax k\u00e1v\u00e9h\u00e1z t\u00f6rt\u00e9net\u00e9n kereszt\u00fcl seg\u00edt megeml\u00e9kezni a m\u00e1rciusi esem\u00e9nyekr\u0151l.<\/p>\n<p><a href=\"https:\/\/drive.google.com\/open?id=1Xjd2kgn1Wo1dw7cnCL_8dDT4B_kcBl3v\">https:\/\/drive.google.com\/open?id=1Xjd2kgn1Wo1dw7cnCL_8dDT4B_kcBl3v<\/a><\/p>\n<p>A kisfilm ut\u00e1n k\u00e9rj\u00fck, hogy t\u00f6lts\u00e9tek ki ezt a r\u00f6vid \u0171rlapot!<\/p>\n<p><a href=\"https:\/\/docs.google.com\/forms\/d\/e\/1FAIpQLSeOQ7mPZrsUl5oyt7f1ueKN52ATelOPzHNXNLFWmlNzczz2xA\/viewform?vc=0&amp;c=0&amp;w=1\">https:\/\/docs.google.com\/forms\/d\/e\/1FAIpQLSeOQ7mPZrsUl5oyt7f1ueKN52ATelOPzHNXNLFWmlNzczz2xA\/viewform?vc=0&amp;c=0&amp;w=1<\/a><\/p>\n<p>\u00dcdv\u00f6zlettel:<\/p>\n<p>Az iskola vezet\u0151s\u00e9ge<\/p>\n","protected":false},"excerpt":{"rendered":"<p>Kedves Di\u00e1kok! Az \u00fcnnep alkalm\u00e1b\u00f3l egy filmet tekinthettek meg, mely a Pilvax k\u00e1v\u00e9h\u00e1z t\u00f6rt\u00e9net\u00e9n kereszt\u00fcl seg\u00edt megeml\u00e9kezni a m\u00e1rciusi esem\u00e9nyekr\u0151l. https:\/\/drive.google.com\/open?id=1Xjd2kgn1Wo1dw7cnCL_8dDT4B_kcBl3v A kisfilm ut\u00e1n k\u00e9rj\u00fck, hogy t\u00f6lts\u00e9tek ki ezt a r\u00f6vid \u0171rlapot! https:\/\/docs.google.com\/forms\/d\/e\/1FAIpQLSeOQ7mPZrsUl5oyt7f1ueKN52ATelOPzHNXNLFWmlNzczz2xA\/viewform?vc=0&amp;c=0&amp;w=1 \u00dcdv\u00f6zlettel: Az iskola vezet\u0151s\u00e9ge<\/p>\n","protected":false},"author":5,"featured_media":0,"parent":0,"menu_order":0,"comment_status":"closed","ping_status":"closed","template":"","meta":{"footnotes":""},"_links":{"self":[{"href":"https:\/\/www.vasutca.hu\/index.php?rest_route=\/wp\/v2\/pages\/583"}],"collection":[{"href":"https:\/\/www.vasutca.hu\/index.php?rest_route=\/wp\/v2\/pages"}],"about":[{"href":"https:\/\/www.vasutca.hu\/index.php?rest_route=\/wp\/v2\/types\/page"}],"author":[{"embeddable":true,"href":"https:\/\/www.vasutca.hu\/index.php?rest_route=\/wp\/v2\/users\/5"}],"replies":[{"embeddable":true,"href":"https:\/\/www.vasutca.hu\/index.php?rest_route=%2Fwp%2Fv2%2Fcomments&post=583"}],"version-history":[{"count":2,"href":"https:\/\/www.vasutca.hu\/index.php?rest_route=\/wp\/v2\/pages\/583\/revisions"}],"predecessor-version":[{"id":586,"href":"https:\/\/www.vasutca.hu\/index.php?rest_route=\/wp\/v2\/pages\/583\/revisions\/586"}],"wp:attachment":[{"href":"https:\/\/www.vasutca.hu\/index.php?rest_route=%2Fwp%2Fv2%2Fmedia&parent=583"}],"curies":[{"name":"wp","href":"https:\/\/api.w.org\/{rel}","templated":true}]}}