{"id":50,"date":"2018-05-27T19:41:15","date_gmt":"2018-05-27T19:41:15","guid":{"rendered":"http:\/\/vasutca.rakdfel.hu\/?page_id=50"},"modified":"2026-03-11T09:50:03","modified_gmt":"2026-03-11T08:50:03","slug":"dokumentumok","status":"publish","type":"page","link":"https:\/\/www.vasutca.hu\/?page_id=50","title":{"rendered":"Dokumentumok"},"content":{"rendered":"\n<h1 class=\"wp-block-heading\"><strong><mark style=\"background-color:rgba(0, 0, 0, 0)\" class=\"has-inline-color has-vivid-cyan-blue-color\">K\u00f6zz\u00e9t\u00e9teli lista<\/mark><\/strong><\/h1>\n\n\n\n<div class=\"wp-block-file\"><a id=\"wp-block-file--media-37a75a56-05b2-4f38-93b4-4203eb8ea903\" href=\"https:\/\/www.vasutca.hu\/wp-content\/uploads\/2025\/10\/BGSZC-Szechenyi-Istvan-Kereskedelmi-Technikum-Munkaterv-2025-2026.pdf\">BGSZC-Szechenyi-Istvan-Kereskedelmi-Technikum-Munkaterv-2025-2026<\/a><a href=\"https:\/\/www.vasutca.hu\/wp-content\/uploads\/2025\/10\/BGSZC-Szechenyi-Istvan-Kereskedelmi-Technikum-Munkaterv-2025-2026.pdf\" class=\"wp-block-file__button wp-element-button\" download aria-describedby=\"wp-block-file--media-37a75a56-05b2-4f38-93b4-4203eb8ea903\">Download<\/a><\/div>\n\n\n\n<div class=\"wp-block-file\"><a id=\"wp-block-file--media-de0b13f3-a3be-4bb0-ad2b-ad300c605732\" href=\"https:\/\/www.vasutca.hu\/wp-content\/uploads\/2025\/10\/BGSZC-Szechenyi-Istvan-Kereskedelmi-Technikum-Hazirend-2025-2026.pdf\">BGSZC-Szechenyi-Istvan-Kereskedelmi-Technikum-Hazirend-2025-2026<\/a><a href=\"https:\/\/www.vasutca.hu\/wp-content\/uploads\/2025\/10\/BGSZC-Szechenyi-Istvan-Kereskedelmi-Technikum-Hazirend-2025-2026.pdf\" class=\"wp-block-file__button wp-element-button\" download aria-describedby=\"wp-block-file--media-de0b13f3-a3be-4bb0-ad2b-ad300c605732\">Download<\/a><\/div>\n\n\n\n<div class=\"wp-block-file\"><a href=\"https:\/\/www.vasutca.hu\/wp-content\/uploads\/2026\/01\/BGSZC-Szechenyi-Istvan-Kereskedelmi-Technikum-Szakmai-Program-2025-2026.pdf\" class=\"wp-block-file__button wp-element-button\" download>Download<\/a><\/div>\n\n\n\n<div class=\"wp-block-file\"><a id=\"wp-block-file--media-3ef990db-ac97-40dd-a854-2529eb66e688\" href=\"https:\/\/www.vasutca.hu\/wp-content\/uploads\/2026\/03\/BGSZC-Szechenyi-Istvan-Kereskedelmi-Technikum-Szakmai-Program-2025-2026.pdf\">BGSZC-Szechenyi-Istvan-Kereskedelmi-Technikum-Szakmai-Program-2025-2026<\/a><a href=\"https:\/\/www.vasutca.hu\/wp-content\/uploads\/2026\/03\/BGSZC-Szechenyi-Istvan-Kereskedelmi-Technikum-Szakmai-Program-2025-2026.pdf\" class=\"wp-block-file__button wp-element-button\" download aria-describedby=\"wp-block-file--media-3ef990db-ac97-40dd-a854-2529eb66e688\">Download<\/a><\/div>\n\n\n\n<div class=\"wp-block-file\"><a id=\"wp-block-file--media-3e60fd3c-3728-4285-b218-58e18dbbc7d8\" href=\"https:\/\/www.vasutca.hu\/wp-content\/uploads\/2025\/10\/BGSZC-Szechenyi-Istvan-Kereskedelmi-Technikum-Szervezeti-es-mukodesi-szabalyzat-2025-2026.pdf\">BGSZC-Szechenyi-Istvan-Kereskedelmi-Technikum-Szervezeti-es-mukodesi-szabalyzat-2025-2026<\/a><a href=\"https:\/\/www.vasutca.hu\/wp-content\/uploads\/2025\/10\/BGSZC-Szechenyi-Istvan-Kereskedelmi-Technikum-Szervezeti-es-mukodesi-szabalyzat-2025-2026.pdf\" class=\"wp-block-file__button wp-element-button\" download aria-describedby=\"wp-block-file--media-3e60fd3c-3728-4285-b218-58e18dbbc7d8\">Download<\/a><\/div>\n\n\n\n<div class=\"wp-block-file\"><a id=\"wp-block-file--media-b1a1b615-c86f-4512-a86d-801cd9822387\" href=\"https:\/\/www.vasutca.hu\/wp-content\/uploads\/2024\/12\/BGSZC_Szechenyi-Istvan-Kereskedelmi-Technikum_Eljarasrend-a-szakkepzo-intezmenyekben-a-gyermekek-es-fiatal-felnottek-bantalmazasi-eseteinek-kivizsgalasara-es-kezelesere.pdf\">BGSZC_Szechenyi-Istvan-Kereskedelmi-Technikum_Eljarasrend-a-szakkepzo-intezmenyekben-a-gyermekek-es-fiatal-felnottek-bantalmazasi-eseteinek-kivizsgalasara-es-kezelesere<\/a><a href=\"https:\/\/www.vasutca.hu\/wp-content\/uploads\/2024\/12\/BGSZC_Szechenyi-Istvan-Kereskedelmi-Technikum_Eljarasrend-a-szakkepzo-intezmenyekben-a-gyermekek-es-fiatal-felnottek-bantalmazasi-eseteinek-kivizsgalasara-es-kezelesere.pdf\" class=\"wp-block-file__button wp-element-button\" download aria-describedby=\"wp-block-file--media-b1a1b615-c86f-4512-a86d-801cd9822387\">Download<\/a><\/div>\n\n\n\n<div class=\"wp-block-file\"><a id=\"wp-block-file--media-cdf8a8fb-72bb-4bcc-a846-a5ab5fedcf2e\" href=\"https:\/\/www.vasutca.hu\/?attachment_id=3053\">Alapito_Okirat_2022.08.30<\/a><a href=\"https:\/\/www.vasutca.hu\/wp-content\/uploads\/2024\/03\/AlapitoOkirat2022.08.30.pdf\" class=\"wp-block-file__button wp-element-button\" download aria-describedby=\"wp-block-file--media-cdf8a8fb-72bb-4bcc-a846-a5ab5fedcf2e\">Download<\/a><\/div>\n\n\n\n<div class=\"wp-block-file\"><a id=\"wp-block-file--media-61f0e3d2-6c8b-49aa-b0c7-785a2128bba2\" href=\"https:\/\/www.vasutca.hu\/?attachment_id=3054\">tuzvedelmi_szabalyzat_2022<\/a><a href=\"https:\/\/www.vasutca.hu\/wp-content\/uploads\/2024\/03\/tuzvedelmi_szabalyzat_2022.pdf\" class=\"wp-block-file__button wp-element-button\" download aria-describedby=\"wp-block-file--media-61f0e3d2-6c8b-49aa-b0c7-785a2128bba2\">Download<\/a><\/div>\n\n\n\n<div class=\"wp-block-file\"><a id=\"wp-block-file--media-254b0272-0882-4634-8cf6-d5b85b172856\" href=\"https:\/\/www.vasutca.hu\/?attachment_id=3056\">014_intezmenyi_onertekeles_szechenyi_2019<\/a><a href=\"https:\/\/www.vasutca.hu\/wp-content\/uploads\/2024\/03\/014_intezmenyi_onertekeles_szechenyi_2019.pdf\" class=\"wp-block-file__button wp-element-button\" download aria-describedby=\"wp-block-file--media-254b0272-0882-4634-8cf6-d5b85b172856\">Download<\/a><\/div>\n\n\n\n<div class=\"wp-block-file\"><a id=\"wp-block-file--media-4a59c7f2-9917-430d-84be-9b7768187083\" href=\"https:\/\/www.vasutca.hu\/wp-content\/uploads\/2026\/03\/Adatkezesles-modositas-2026_02_02.pdf\">Adatkezesles-modositas-2026_02_02<\/a><a href=\"https:\/\/www.vasutca.hu\/wp-content\/uploads\/2026\/03\/Adatkezesles-modositas-2026_02_02.pdf\" class=\"wp-block-file__button wp-element-button\" download aria-describedby=\"wp-block-file--media-4a59c7f2-9917-430d-84be-9b7768187083\">Download<\/a><\/div>\n\n\n\n<div class=\"wp-block-file\"><a id=\"wp-block-file--media-47252a4c-8106-48b7-a841-8f3ca98cde9d\" href=\"https:\/\/www.vasutca.hu\/?attachment_id=3058\"><br>tanuloi_adatkezelesi_szabalyzat_melleklettel_szechenyi_2018szept<\/a><a href=\"https:\/\/www.vasutca.hu\/wp-content\/uploads\/2024\/03\/tanuloi_adatkezelesi_szabalyzat_melleklettel_szechenyi_2018szept.pdf\" class=\"wp-block-file__button wp-element-button\" download aria-describedby=\"wp-block-file--media-47252a4c-8106-48b7-a841-8f3ca98cde9d\">Download<\/a><\/div>\n\n\n\n<div class=\"wp-block-file\"><a id=\"wp-block-file--media-ea4f6c5b-3faf-447e-8dde-7c1cf0290371\" href=\"https:\/\/www.vasutca.hu\/?attachment_id=3059\">NOKS-ertekelesi-szabalyzat-2019szept<\/a><a href=\"https:\/\/www.vasutca.hu\/wp-content\/uploads\/2024\/03\/NOKS-ertekelesi-szabalyzat-2019szept.pdf\" class=\"wp-block-file__button wp-element-button\" download aria-describedby=\"wp-block-file--media-ea4f6c5b-3faf-447e-8dde-7c1cf0290371\">Download<\/a><\/div>\n\n\n\n<div class=\"wp-block-file\"><a id=\"wp-block-file--media-ee72287f-7d5f-4585-9613-eb1f87cf1c6e\" href=\"https:\/\/www.vasutca.hu\/?attachment_id=3060\">belso_adatkezelesi_szabalyzat_melleklettel_szechenyi_2018szept<\/a><a href=\"https:\/\/www.vasutca.hu\/wp-content\/uploads\/2024\/03\/belso_adatkezelesi_szabalyzat_melleklettel_szechenyi_2018szept.pdf\" class=\"wp-block-file__button wp-element-button\" download aria-describedby=\"wp-block-file--media-ee72287f-7d5f-4585-9613-eb1f87cf1c6e\">Download<\/a><\/div>\n\n\n\n<div class=\"wp-block-file\"><a id=\"wp-block-file--media-def5d488-a851-42a4-8f2e-cb889292151e\" href=\"https:\/\/www.vasutca.hu\/?attachment_id=3061\">oktatasi_igazolvanyok_szabalyzata_2017_iksz<\/a><a href=\"https:\/\/www.vasutca.hu\/wp-content\/uploads\/2024\/03\/oktatasi_igazolvanyok_szabalyzata_2017_iksz.pdf\" class=\"wp-block-file__button wp-element-button\" download aria-describedby=\"wp-block-file--media-def5d488-a851-42a4-8f2e-cb889292151e\">Download<\/a><\/div>\n\n\n\n<div class=\"wp-block-file\"><a id=\"wp-block-file--media-c584f4d8-001f-42bb-9c2c-45dbe0ba6d3d\" href=\"https:\/\/www.vasutca.hu\/?attachment_id=3062\">Oktatasi-igazolvanyok-szabalyzata<\/a><a href=\"https:\/\/www.vasutca.hu\/wp-content\/uploads\/2024\/03\/Oktatasi-igazolvanyok-szabalyzata.pdf\" class=\"wp-block-file__button wp-element-button\" download aria-describedby=\"wp-block-file--media-c584f4d8-001f-42bb-9c2c-45dbe0ba6d3d\">Download<\/a><\/div>\n\n\n\n<h3 class=\"wp-block-heading\"><span style=\"background-color:rgba(0, 0, 0, 0);color:#0071a1\" class=\"has-inline-color\">K\u00e9relmek<\/span><\/h3>\n\n\n\n<div class=\"wp-block-file\"><a id=\"wp-block-file--media-f1a59a6e-af7f-47fa-983a-fb1da58f3b9a\" href=\"https:\/\/www.vasutca.hu\/wp-content\/uploads\/2024\/05\/kerelem-bizonyitvany-masodlat.pdf\">kerelem-bizonyitvany-masodlat<\/a><a href=\"https:\/\/www.vasutca.hu\/wp-content\/uploads\/2024\/05\/kerelem-bizonyitvany-masodlat.pdf\" class=\"wp-block-file__button wp-element-button\" download aria-describedby=\"wp-block-file--media-f1a59a6e-af7f-47fa-983a-fb1da58f3b9a\">Download<\/a><\/div>\n\n\n\n<div class=\"wp-block-file\"><a id=\"wp-block-file--media-151a8ac2-5617-4c61-8e6f-a12a28870325\" href=\"http:\/\/www.vasutca.hu\/wp-content\/uploads\/2023\/08\/erettsegihez_mentessegi_kerelem_minta.doc\">erettsegihez_mentessegi_kerelem_minta<\/a><a href=\"http:\/\/www.vasutca.hu\/wp-content\/uploads\/2023\/08\/erettsegihez_mentessegi_kerelem_minta.doc\" class=\"wp-block-file__button wp-element-button\" download aria-describedby=\"wp-block-file--media-151a8ac2-5617-4c61-8e6f-a12a28870325\">Download<\/a><\/div>\n\n\n\n<div class=\"wp-block-file\"><a id=\"wp-block-file--media-b48c01c9-329a-4716-b2bd-a538ec6ffe02\" href=\"http:\/\/www.vasutca.hu\/wp-content\/uploads\/2023\/09\/MINTA_kerveny_felmentes_SNI_BTMN_2023.docx\">MINTA_kerveny_felmentes_SNI_BTMN_2023<\/a><a href=\"http:\/\/www.vasutca.hu\/wp-content\/uploads\/2023\/09\/MINTA_kerveny_felmentes_SNI_BTMN_2023.docx\" class=\"wp-block-file__button wp-element-button\" download aria-describedby=\"wp-block-file--media-b48c01c9-329a-4716-b2bd-a538ec6ffe02\">Download<\/a><\/div>\n","protected":false},"excerpt":{"rendered":"<p>K\u00f6zz\u00e9t\u00e9teli lista K\u00e9relmek<\/p>\n","protected":false},"author":4,"featured_media":0,"parent":0,"menu_order":0,"comment_status":"closed","ping_status":"closed","template":"","meta":{"footnotes":""},"_links":{"self":[{"href":"https:\/\/www.vasutca.hu\/index.php?rest_route=\/wp\/v2\/pages\/50"}],"collection":[{"href":"https:\/\/www.vasutca.hu\/index.php?rest_route=\/wp\/v2\/pages"}],"about":[{"href":"https:\/\/www.vasutca.hu\/index.php?rest_route=\/wp\/v2\/types\/page"}],"author":[{"embeddable":true,"href":"https:\/\/www.vasutca.hu\/index.php?rest_route=\/wp\/v2\/users\/4"}],"replies":[{"embeddable":true,"href":"https:\/\/www.vasutca.hu\/index.php?rest_route=%2Fwp%2Fv2%2Fcomments&post=50"}],"version-history":[{"count":71,"href":"https:\/\/www.vasutca.hu\/index.php?rest_route=\/wp\/v2\/pages\/50\/revisions"}],"predecessor-version":[{"id":4067,"href":"https:\/\/www.vasutca.hu\/index.php?rest_route=\/wp\/v2\/pages\/50\/revisions\/4067"}],"wp:attachment":[{"href":"https:\/\/www.vasutca.hu\/index.php?rest_route=%2Fwp%2Fv2%2Fmedia&parent=50"}],"curies":[{"name":"wp","href":"https:\/\/api.w.org\/{rel}","templated":true}]}}