{"id":3633,"date":"2025-04-30T09:48:02","date_gmt":"2025-04-30T08:48:02","guid":{"rendered":"https:\/\/www.vasutca.hu\/?page_id=3633"},"modified":"2025-04-30T09:48:02","modified_gmt":"2025-04-30T08:48:02","slug":"vizsgalatok-ellenorzesek","status":"publish","type":"page","link":"https:\/\/www.vasutca.hu\/?page_id=3633","title":{"rendered":"Vizsg\u00e1latok, ellen\u0151rz\u00e9sek"},"content":{"rendered":"\n<p>A k\u00fcls\u0151 vizsg\u00e1latok, ellen\u0151rz\u00e9sek az NSZFH r\u00e9sz\u00e9r\u0151l folyamatosan zajlanak, tov\u00e1bbi bels\u0151 vizsg\u00e1latokat \u00fctemez\u00e9s\u00e9t, \u00e9rt\u00e9kel\u00e9s\u00e9t a min\u0151s\u00e9gir\u00e1ny\u00edt\u00e1si k\u00e9zik\u00f6nyv tartalmazza.<\/p>\n","protected":false},"excerpt":{"rendered":"<p>A k\u00fcls\u0151 vizsg\u00e1latok, ellen\u0151rz\u00e9sek az NSZFH r\u00e9sz\u00e9r\u0151l folyamatosan zajlanak, tov\u00e1bbi bels\u0151 vizsg\u00e1latokat \u00fctemez\u00e9s\u00e9t, \u00e9rt\u00e9kel\u00e9s\u00e9t a min\u0151s\u00e9gir\u00e1ny\u00edt\u00e1si k\u00e9zik\u00f6nyv tartalmazza.<\/p>\n","protected":false},"author":10,"featured_media":0,"parent":0,"menu_order":0,"comment_status":"closed","ping_status":"closed","template":"","meta":{"footnotes":""},"_links":{"self":[{"href":"https:\/\/www.vasutca.hu\/index.php?rest_route=\/wp\/v2\/pages\/3633"}],"collection":[{"href":"https:\/\/www.vasutca.hu\/index.php?rest_route=\/wp\/v2\/pages"}],"about":[{"href":"https:\/\/www.vasutca.hu\/index.php?rest_route=\/wp\/v2\/types\/page"}],"author":[{"embeddable":true,"href":"https:\/\/www.vasutca.hu\/index.php?rest_route=\/wp\/v2\/users\/10"}],"replies":[{"embeddable":true,"href":"https:\/\/www.vasutca.hu\/index.php?rest_route=%2Fwp%2Fv2%2Fcomments&post=3633"}],"version-history":[{"count":1,"href":"https:\/\/www.vasutca.hu\/index.php?rest_route=\/wp\/v2\/pages\/3633\/revisions"}],"predecessor-version":[{"id":3634,"href":"https:\/\/www.vasutca.hu\/index.php?rest_route=\/wp\/v2\/pages\/3633\/revisions\/3634"}],"wp:attachment":[{"href":"https:\/\/www.vasutca.hu\/index.php?rest_route=%2Fwp%2Fv2%2Fmedia&parent=3633"}],"curies":[{"name":"wp","href":"https:\/\/api.w.org\/{rel}","templated":true}]}}