{"id":3601,"date":"2025-04-29T18:36:38","date_gmt":"2025-04-29T17:36:38","guid":{"rendered":"https:\/\/www.vasutca.hu\/?page_id=3601"},"modified":"2025-04-29T18:36:38","modified_gmt":"2025-04-29T17:36:38","slug":"2024-25-os-tanev-tervezett-programjai","status":"publish","type":"page","link":"https:\/\/www.vasutca.hu\/?page_id=3601","title":{"rendered":"2024\/25-\u00f6s tan\u00e9v tervezett programjai"},"content":{"rendered":"\n<p><strong>\u00dcnnep\u00e9lyek, rendezv\u00e9nyek, megeml\u00e9kez\u00e9sek:<\/strong><\/p>\n\n\n\n<p>Az iskolai \u00fcnnep\u00e9lyeket, megeml\u00e9kez\u00e9seket felosztottuk az oszt\u00e1lyok k\u00f6z\u00f6tt, hogy nagyobb hangs\u00falyt kapjanak a tanul\u00f3k az iskolai munk\u00e1ban, ezzel mindink\u00e1bb a k\u00f6z\u00f6ss\u00e9g tagj\u00e1nak \u00e9rezz\u00e9k magukat. A feladatok elv\u00e9gz\u00e9s\u00e9t seg\u00edt\u0151 \u00e9s ellen\u0151rz\u0151 koll\u00e9ga a munkak\u00f6z\u00f6ss\u00e9g-vezet\u0151.<\/p>\n\n\n\n<figure class=\"wp-block-table\"><table><tbody><tr><td><strong>Id\u0151pont<\/strong><\/td><td><strong>Esem\u00e9ny, rendezv\u00e9ny vagy program<\/strong><\/td><\/tr><tr><td>szeptember 23.<\/td><td>Megeml\u00e9kez\u00e9s Sz\u00e9chenyi Istv\u00e1nr\u00f3l<\/td><\/tr><tr><td>szeptember 21.<\/td><td>A Kultur\u00e1lis \u00f6r\u00f6ks\u00e9g napjai<\/td><\/tr><tr><td>okt\u00f3ber 1.<\/td><td>Sportnap<\/td><\/tr><tr><td>okt\u00f3ber 6.<\/td><td>Aradi v\u00e9rtan\u00fak napja<\/td><\/tr><tr><td>okt\u00f3ber 20.<\/td><td>Okt\u00f3ber 23-ra eml\u00e9kez\u00fcnk (portya)<\/td><\/tr><tr><td>november 23.<\/td><td>Szalagavat\u00f3<\/td><\/tr><tr><td>december<\/td><td>Kar\u00e1csonyi m\u0171sor<\/td><\/tr><tr><td>december<\/td><td>Kar\u00e1csonyi install\u00e1ci\u00f3<\/td><\/tr><tr><td>2025. febru\u00e1r 25.<\/td><td>Megeml\u00e9kez\u00e9s a kommunista diktat\u00far\u00e1k \u00e1ldozatair\u00f3l<\/td><\/tr><tr><td>febru\u00e1r<\/td><td>Di\u00e1knap<\/td><\/tr><tr><td>m\u00e1rcius 14.<\/td><td>M\u00e1rcius 15-re eml\u00e9kez\u00fcnk<\/td><\/tr><tr><td>m\u00e1rcius<\/td><td>H\u00fasv\u00e9ti Install\u00e1ci\u00f3<\/td><\/tr><tr><td>\u00e1prilis 11.<\/td><td>K\u00f6lt\u00e9szet napja<\/td><\/tr><tr><td>\u00e1prilis 26.<\/td><td>Megeml\u00e9kez\u00e9s a holokauszt \u00e1ldozatair\u00f3l<\/td><\/tr><tr><td>\u00e1prilis 30.<\/td><td>Ballag\u00e1s<\/td><\/tr><tr><td>m\u00e1jus 30.<\/td><td>\u00d6regdi\u00e1k tal\u00e1lkoz\u00f3<\/td><\/tr><tr><td>j\u00fanius 4.<\/td><td>Nemzeti \u00f6sszetartoz\u00e1s napja<\/td><\/tr><tr><td>j\u00fanius<\/td><td>Ny\u00e1ri install\u00e1ci\u00f3<\/td><\/tr><\/tbody><\/table><\/figure>\n\n\n\n<p>Oszt\u00e1lykar\u00e1csonyok: december 3. het\u00e9ben&nbsp;&nbsp;&nbsp;&nbsp; &nbsp;&nbsp;&nbsp;&nbsp;&nbsp;&nbsp;&nbsp;&nbsp;<\/p>\n\n\n\n<p>Szalagt\u0171z\u00e9s, szalagavat\u00f3 b\u00e1l: 2024. november 23.<\/p>\n\n\n\n<p>Sz\u00e9chenyi di\u00e1knap: 2025. febru\u00e1r&nbsp;<\/p>\n\n\n\n<p><strong>Kapcsol\u00f3d\u00e1s a t\u00e9mahetekhez<\/strong><\/p>\n\n\n\n<p>\u201eP\u00c9NZ7\u201d p\u00e9nz\u00fcgyi \u00e9s v\u00e1llalkoz\u00f3i t\u00e9mah\u00e9t 2025. m\u00e1rcius 3\u20137.<\/p>\n\n\n\n<p>Digit\u00e1lis T\u00e9mah\u00e9t 2025. m\u00e1rcius 24\u201328.<\/p>\n\n\n\n<p>Fenntarthat\u00f3s\u00e1gi T\u00e9mah\u00e9t 2025. \u00e1prilis 7\u201311.<\/p>\n\n\n\n<p><strong>Sz\u00fcl\u0151i \u00e9rtekezletek, fogad\u00f3\u00f3r\u00e1k:<\/strong><\/p>\n\n\n\n<ul>\n<li>2024. szeptember 11. (szerda) sz\u00fcl\u0151i \u00e9rtekezlet a 9-11. \u00e9vfolyamnak, 2024. szeptember 25. a 12-13. \u00e9vfolyamnak: 16:00&nbsp; SZMK \u00e9rtekezlet, 16:30 k\u00f6z\u00f6s sz\u00fcl\u0151i a 9. \u00e9vfolyamosoknak<strong><\/strong><\/li>\n\n\n\n<li>17: 00 \u00f3r\u00e1t\u00f3l kezd\u0151dnek az oszt\u00e1lyonk\u00e9nti \u00e9rtekezletek<\/li>\n\n\n\n<li>A m\u00e1sodik f\u00e9l\u00e9ves \u00e9rtekezlet id\u0151pontja m\u00e9g egyeztet\u00e9s alatt<\/li>\n\n\n\n<li>Fogad\u00f3\u00f3r\u00e1k az oszt\u00e1lyf\u0151n\u00f6k\u00f6kkel \u00e9s a szaktan\u00e1rokkal megegyez\u00e9s \u00e9s ig\u00e9ny szerint folyamatosan<\/li>\n<\/ul>\n","protected":false},"excerpt":{"rendered":"<p>\u00dcnnep\u00e9lyek, rendezv\u00e9nyek, megeml\u00e9kez\u00e9sek: Az iskolai \u00fcnnep\u00e9lyeket, megeml\u00e9kez\u00e9seket felosztottuk az oszt\u00e1lyok k\u00f6z\u00f6tt, hogy nagyobb hangs\u00falyt kapjanak a tanul\u00f3k az iskolai munk\u00e1ban, ezzel mindink\u00e1bb a k\u00f6z\u00f6ss\u00e9g tagj\u00e1nak \u00e9rezz\u00e9k magukat. A feladatok elv\u00e9gz\u00e9s\u00e9t seg\u00edt\u0151 \u00e9s ellen\u0151rz\u0151 koll\u00e9ga a munkak\u00f6z\u00f6ss\u00e9g-vezet\u0151. Id\u0151pont Esem\u00e9ny, rendezv\u00e9ny vagy program szeptember 23. Megeml\u00e9kez\u00e9s Sz\u00e9chenyi Istv\u00e1nr\u00f3l szeptember 21. A Kultur\u00e1lis \u00f6r\u00f6ks\u00e9g napjai okt\u00f3ber 1. Sportnap &hellip; <\/p>\n<p class=\"link-more\"><a href=\"https:\/\/www.vasutca.hu\/?page_id=3601\" class=\"more-link\"><span class=\"screen-reader-text\">&#8220;2024\/25-\u00f6s tan\u00e9v tervezett programjai&#8221;<\/span> b\u0151vebben<\/a><\/p>\n","protected":false},"author":10,"featured_media":0,"parent":0,"menu_order":0,"comment_status":"closed","ping_status":"closed","template":"","meta":{"footnotes":""},"_links":{"self":[{"href":"https:\/\/www.vasutca.hu\/index.php?rest_route=\/wp\/v2\/pages\/3601"}],"collection":[{"href":"https:\/\/www.vasutca.hu\/index.php?rest_route=\/wp\/v2\/pages"}],"about":[{"href":"https:\/\/www.vasutca.hu\/index.php?rest_route=\/wp\/v2\/types\/page"}],"author":[{"embeddable":true,"href":"https:\/\/www.vasutca.hu\/index.php?rest_route=\/wp\/v2\/users\/10"}],"replies":[{"embeddable":true,"href":"https:\/\/www.vasutca.hu\/index.php?rest_route=%2Fwp%2Fv2%2Fcomments&post=3601"}],"version-history":[{"count":1,"href":"https:\/\/www.vasutca.hu\/index.php?rest_route=\/wp\/v2\/pages\/3601\/revisions"}],"predecessor-version":[{"id":3602,"href":"https:\/\/www.vasutca.hu\/index.php?rest_route=\/wp\/v2\/pages\/3601\/revisions\/3602"}],"wp:attachment":[{"href":"https:\/\/www.vasutca.hu\/index.php?rest_route=%2Fwp%2Fv2%2Fmedia&parent=3601"}],"curies":[{"name":"wp","href":"https:\/\/api.w.org\/{rel}","templated":true}]}}

2024/25-ös tanév tervezett programjai

<p><strong>Ünnepélyek, rendezvények, megemlékezések:</strong></p>



<p>Az iskolai ünnepélyeket, megemlékezéseket felosztottuk az osztályok között, hogy nagyobb hangsúlyt kapjanak a tanulók az iskolai munkában, ezzel mindinkább a közösség tagjának érezzék magukat. A feladatok elvégzését segítő és ellenőrző kolléga a munkaközösség-vezető.</p>



<figure class="wp-block-table"><table><tbody><tr><td><strong>Időpont</strong></td><td><strong>Esemény, rendezvény vagy program</strong></td></tr><tr><td>szeptember 23.</td><td>Megemlékezés Széchenyi Istvánról</td></tr><tr><td>szeptember 21.</td><td>A Kulturális örökség napjai</td></tr><tr><td>október 1.</td><td>Sportnap</td></tr><tr><td>október 6.</td><td>Aradi vértanúk napja</td></tr><tr><td>október 20.</td><td>Október 23-ra emlékezünk (portya)</td></tr><tr><td>november 23.</td><td>Szalagavató</td></tr><tr><td>december</td><td>Karácsonyi műsor</td></tr><tr><td>december</td><td>Karácsonyi installáció</td></tr><tr><td>2025. február 25.</td><td>Megemlékezés a kommunista diktatúrák áldozatairól</td></tr><tr><td>február</td><td>Diáknap</td></tr><tr><td>március 14.</td><td>Március 15-re emlékezünk</td></tr><tr><td>március</td><td>Húsvéti Installáció</td></tr><tr><td>április 11.</td><td>Költészet napja</td></tr><tr><td>április 26.</td><td>Megemlékezés a holokauszt áldozatairól</td></tr><tr><td>április 30.</td><td>Ballagás</td></tr><tr><td>május 30.</td><td>Öregdiák találkozó</td></tr><tr><td>június 4.</td><td>Nemzeti összetartozás napja</td></tr><tr><td>június</td><td>Nyári installáció</td></tr></tbody></table></figure>



<p>Osztálykarácsonyok: december 3. hetében&nbsp;&nbsp;&nbsp;&nbsp; &nbsp;&nbsp;&nbsp;&nbsp;&nbsp;&nbsp;&nbsp;&nbsp;</p>



<p>Szalagtűzés, szalagavató bál: 2024. november 23.</p>



<p>Széchenyi diáknap: 2025. február&nbsp;</p>



<p><strong>Kapcsolódás a témahetekhez</strong></p>



<p>„PÉNZ7” pénzügyi és vállalkozói témahét 2025. március 3–7.</p>



<p>Digitális Témahét 2025. március 24–28.</p>



<p>Fenntarthatósági Témahét 2025. április 7–11.</p>



<p><strong>Szülői értekezletek, fogadóórák:</strong></p>



<ul>
<li>2024. szeptember 11. (szerda) szülői értekezlet a 9-11. évfolyamnak, 2024. szeptember 25. a 12-13. évfolyamnak: 16:00&nbsp; SZMK értekezlet, 16:30 közös szülői a 9. évfolyamosoknak<strong></strong></li>



<li>17: 00 órától kezdődnek az osztályonkénti értekezletek</li>



<li>A második féléves értekezlet időpontja még egyeztetés alatt</li>



<li>Fogadóórák az osztályfőnökökkel és a szaktanárokkal megegyezés és igény szerint folyamatosan</li>
</ul>

<p>Ünnepélyek, rendezvények, megemlékezések: Az iskolai ünnepélyeket, megemlékezéseket felosztottuk az osztályok között, hogy nagyobb hangsúlyt kapjanak a tanulók az iskolai munkában, ezzel mindinkább a közösség tagjának érezzék magukat. A feladatok elvégzését segítő és ellenőrző kolléga a munkaközösség-vezető. Időpont Esemény, rendezvény vagy program szeptember 23. Megemlékezés Széchenyi Istvánról szeptember 21. A Kulturális örökség napjai október 1. Sportnap &hellip; </p>
<p class="link-more"><a href="https://www.vasutca.hu/?page_id=3601" class="more-link"><span class="screen-reader-text">&#8220;2024/25-ös tanév tervezett programjai&#8221;</span> bővebben</a></p>
