{"id":1949,"date":"2021-05-10T10:38:19","date_gmt":"2021-05-10T09:38:19","guid":{"rendered":"http:\/\/www.vasutca.hu\/?page_id=1949"},"modified":"2025-12-16T10:04:01","modified_gmt":"2025-12-16T09:04:01","slug":"projektfeladatok","status":"publish","type":"page","link":"https:\/\/www.vasutca.hu\/?page_id=1949","title":{"rendered":"Projektfeladatok"},"content":{"rendered":"\n<figure class=\"wp-block-embed\"><div class=\"wp-block-embed__wrapper\">\nhttps:\/\/forms.office.com\/e\/Na2MbEwVdD?origin=lprLink\n<\/div><figcaption class=\"wp-element-caption\"><strong><a href=\"https:\/\/forms.office.com\/e\/Na2MbEwVdD?origin=lprLink\" target=\"_blank\" rel=\"noreferrer noopener\">https:\/\/forms.office.com\/e\/Na2MbEwVdD?origin=lprLink<\/a><\/strong><\/figcaption><\/figure>\n\n\n<p><img loading=\"lazy\" decoding=\"async\" class=\"alignnone size-full wp-image-1966\" src=\"http:\/\/www.vasutca.hu\/wp-content\/uploads\/2021\/05\/Irodalom_9_a-t\u00e9kozl\u00f3-fi\u00fa-ma_Pfeiffer_Tam\u00e1s_Istv\u00e1n_Sz\u00e9chenyi.jpg\" alt=\"\" width=\"800\" height=\"2770\" srcset=\"https:\/\/www.vasutca.hu\/wp-content\/uploads\/2021\/05\/Irodalom_9_a-t\u00e9kozl\u00f3-fi\u00fa-ma_Pfeiffer_Tam\u00e1s_Istv\u00e1n_Sz\u00e9chenyi.jpg 800w, https:\/\/www.vasutca.hu\/wp-content\/uploads\/2021\/05\/Irodalom_9_a-t\u00e9kozl\u00f3-fi\u00fa-ma_Pfeiffer_Tam\u00e1s_Istv\u00e1n_Sz\u00e9chenyi-87x300.jpg 87w, https:\/\/www.vasutca.hu\/wp-content\/uploads\/2021\/05\/Irodalom_9_a-t\u00e9kozl\u00f3-fi\u00fa-ma_Pfeiffer_Tam\u00e1s_Istv\u00e1n_Sz\u00e9chenyi-768x2659.jpg 768w, https:\/\/www.vasutca.hu\/wp-content\/uploads\/2021\/05\/Irodalom_9_a-t\u00e9kozl\u00f3-fi\u00fa-ma_Pfeiffer_Tam\u00e1s_Istv\u00e1n_Sz\u00e9chenyi-296x1024.jpg 296w\" sizes=\"(max-width: 767px) 89vw, (max-width: 1000px) 54vw, (max-width: 1071px) 543px, 580px\" \/> <img loading=\"lazy\" decoding=\"async\" class=\"alignnone size-full wp-image-1967\" src=\"http:\/\/www.vasutca.hu\/wp-content\/uploads\/2021\/05\/irodalom_11_ady_endre_Jakab_Szilvia_Sz\u00e9chenyi.png\" alt=\"\" width=\"741\" height=\"620\" srcset=\"https:\/\/www.vasutca.hu\/wp-content\/uploads\/2021\/05\/irodalom_11_ady_endre_Jakab_Szilvia_Sz\u00e9chenyi.png 741w, https:\/\/www.vasutca.hu\/wp-content\/uploads\/2021\/05\/irodalom_11_ady_endre_Jakab_Szilvia_Sz\u00e9chenyi-300x251.png 300w\" sizes=\"(max-width: 706px) 89vw, (max-width: 767px) 82vw, 740px\" \/> <img loading=\"lazy\" decoding=\"async\" class=\"alignnone size-full wp-image-1968\" src=\"http:\/\/www.vasutca.hu\/wp-content\/uploads\/2021\/05\/marketing_12_k\u00fcls\u0151_POS_eszk\u00f6z\u00f6k_Macsk\u00e1syn\u00e9_Sz\u00e9chenyi.png\" alt=\"\" width=\"583\" height=\"737\" srcset=\"https:\/\/www.vasutca.hu\/wp-content\/uploads\/2021\/05\/marketing_12_k\u00fcls\u0151_POS_eszk\u00f6z\u00f6k_Macsk\u00e1syn\u00e9_Sz\u00e9chenyi.png 583w, https:\/\/www.vasutca.hu\/wp-content\/uploads\/2021\/05\/marketing_12_k\u00fcls\u0151_POS_eszk\u00f6z\u00f6k_Macsk\u00e1syn\u00e9_Sz\u00e9chenyi-237x300.png 237w\" sizes=\"(max-width: 583px) 100vw, 583px\" \/> <img loading=\"lazy\" decoding=\"async\" class=\"alignnone size-full wp-image-1969\" src=\"http:\/\/www.vasutca.hu\/wp-content\/uploads\/2021\/05\/turizmus_9-12_fenntarthato_turizmus_Tn\u00e9_Sipt\u00e1r_\u00c1gnes_Sz\u00e9chenyi.jpg\" alt=\"\" width=\"1587\" height=\"2245\" srcset=\"https:\/\/www.vasutca.hu\/wp-content\/uploads\/2021\/05\/turizmus_9-12_fenntarthato_turizmus_Tn\u00e9_Sipt\u00e1r_\u00c1gnes_Sz\u00e9chenyi.jpg 1587w, https:\/\/www.vasutca.hu\/wp-content\/uploads\/2021\/05\/turizmus_9-12_fenntarthato_turizmus_Tn\u00e9_Sipt\u00e1r_\u00c1gnes_Sz\u00e9chenyi-212x300.jpg 212w, https:\/\/www.vasutca.hu\/wp-content\/uploads\/2021\/05\/turizmus_9-12_fenntarthato_turizmus_Tn\u00e9_Sipt\u00e1r_\u00c1gnes_Sz\u00e9chenyi-768x1086.jpg 768w, https:\/\/www.vasutca.hu\/wp-content\/uploads\/2021\/05\/turizmus_9-12_fenntarthato_turizmus_Tn\u00e9_Sipt\u00e1r_\u00c1gnes_Sz\u00e9chenyi-724x1024.jpg 724w\" sizes=\"(max-width: 767px) 89vw, (max-width: 1000px) 54vw, (max-width: 1071px) 543px, 580px\" \/> <img loading=\"lazy\" decoding=\"async\" class=\"alignnone size-full wp-image-1970\" src=\"http:\/\/www.vasutca.hu\/wp-content\/uploads\/2021\/05\/v\u00e1llakoz\u00e1stan_5_13evf_\u00e1lomv\u00e1llakoz\u00e1s_B\u00e1nkuti_L\u00e1szl\u00f3_Sz\u00e9chenyi.png\" alt=\"\" width=\"875\" height=\"599\" srcset=\"https:\/\/www.vasutca.hu\/wp-content\/uploads\/2021\/05\/v\u00e1llakoz\u00e1stan_5_13evf_\u00e1lomv\u00e1llakoz\u00e1s_B\u00e1nkuti_L\u00e1szl\u00f3_Sz\u00e9chenyi.png 875w, https:\/\/www.vasutca.hu\/wp-content\/uploads\/2021\/05\/v\u00e1llakoz\u00e1stan_5_13evf_\u00e1lomv\u00e1llakoz\u00e1s_B\u00e1nkuti_L\u00e1szl\u00f3_Sz\u00e9chenyi-300x205.png 300w, https:\/\/www.vasutca.hu\/wp-content\/uploads\/2021\/05\/v\u00e1llakoz\u00e1stan_5_13evf_\u00e1lomv\u00e1llakoz\u00e1s_B\u00e1nkuti_L\u00e1szl\u00f3_Sz\u00e9chenyi-768x526.png 768w\" sizes=\"(max-width: 767px) 89vw, (max-width: 1000px) 54vw, (max-width: 1071px) 543px, 580px\" \/><img loading=\"lazy\" decoding=\"async\" class=\"alignnone size-full wp-image-1954\" src=\"http:\/\/www.vasutca.hu\/wp-content\/uploads\/2021\/05\/Utaz\u00e1s-a-j\u00f6v\u0151be.jpg\" alt=\"\" width=\"1240\" height=\"1754\" srcset=\"https:\/\/www.vasutca.hu\/wp-content\/uploads\/2021\/05\/Utaz\u00e1s-a-j\u00f6v\u0151be.jpg 1240w, https:\/\/www.vasutca.hu\/wp-content\/uploads\/2021\/05\/Utaz\u00e1s-a-j\u00f6v\u0151be-212x300.jpg 212w, https:\/\/www.vasutca.hu\/wp-content\/uploads\/2021\/05\/Utaz\u00e1s-a-j\u00f6v\u0151be-768x1086.jpg 768w, https:\/\/www.vasutca.hu\/wp-content\/uploads\/2021\/05\/Utaz\u00e1s-a-j\u00f6v\u0151be-724x1024.jpg 724w\" sizes=\"(max-width: 767px) 89vw, (max-width: 1000px) 54vw, (max-width: 1071px) 543px, 580px\" \/> <img loading=\"lazy\" decoding=\"async\" class=\"alignnone size-full wp-image-1955\" src=\"http:\/\/www.vasutca.hu\/wp-content\/uploads\/2021\/05\/Sikeres-OKJ.jpg\" alt=\"\" width=\"800\" height=\"2146\" srcset=\"https:\/\/www.vasutca.hu\/wp-content\/uploads\/2021\/05\/Sikeres-OKJ.jpg 800w, https:\/\/www.vasutca.hu\/wp-content\/uploads\/2021\/05\/Sikeres-OKJ-112x300.jpg 112w, https:\/\/www.vasutca.hu\/wp-content\/uploads\/2021\/05\/Sikeres-OKJ-768x2060.jpg 768w, https:\/\/www.vasutca.hu\/wp-content\/uploads\/2021\/05\/Sikeres-OKJ-382x1024.jpg 382w\" sizes=\"(max-width: 767px) 89vw, (max-width: 1000px) 54vw, (max-width: 1071px) 543px, 580px\" \/> <img loading=\"lazy\" decoding=\"async\" class=\"alignnone size-full wp-image-1956\" src=\"http:\/\/www.vasutca.hu\/wp-content\/uploads\/2021\/05\/Barangol\u00e1s-a-turisztika-vil\u00e1g\u00e1ban-page-001.jpg\" alt=\"\" width=\"2480\" height=\"3508\" srcset=\"https:\/\/www.vasutca.hu\/wp-content\/uploads\/2021\/05\/Barangol\u00e1s-a-turisztika-vil\u00e1g\u00e1ban-page-001.jpg 2480w, https:\/\/www.vasutca.hu\/wp-content\/uploads\/2021\/05\/Barangol\u00e1s-a-turisztika-vil\u00e1g\u00e1ban-page-001-212x300.jpg 212w, https:\/\/www.vasutca.hu\/wp-content\/uploads\/2021\/05\/Barangol\u00e1s-a-turisztika-vil\u00e1g\u00e1ban-page-001-768x1086.jpg 768w, https:\/\/www.vasutca.hu\/wp-content\/uploads\/2021\/05\/Barangol\u00e1s-a-turisztika-vil\u00e1g\u00e1ban-page-001-724x1024.jpg 724w\" sizes=\"(max-width: 767px) 89vw, (max-width: 1000px) 54vw, (max-width: 1071px) 543px, 580px\" \/> <img loading=\"lazy\" decoding=\"async\" class=\"alignnone size-full wp-image-1957\" src=\"http:\/\/www.vasutca.hu\/wp-content\/uploads\/2021\/05\/Kevesebb-is-el\u00e9g-page-001.jpg\" alt=\"\" width=\"2480\" height=\"3508\" srcset=\"https:\/\/www.vasutca.hu\/wp-content\/uploads\/2021\/05\/Kevesebb-is-el\u00e9g-page-001.jpg 2480w, https:\/\/www.vasutca.hu\/wp-content\/uploads\/2021\/05\/Kevesebb-is-el\u00e9g-page-001-212x300.jpg 212w, https:\/\/www.vasutca.hu\/wp-content\/uploads\/2021\/05\/Kevesebb-is-el\u00e9g-page-001-768x1086.jpg 768w, https:\/\/www.vasutca.hu\/wp-content\/uploads\/2021\/05\/Kevesebb-is-el\u00e9g-page-001-724x1024.jpg 724w\" sizes=\"(max-width: 767px) 89vw, (max-width: 1000px) 54vw, (max-width: 1071px) 543px, 580px\" \/> <img loading=\"lazy\" decoding=\"async\" class=\"alignnone size-full wp-image-1958\" src=\"http:\/\/www.vasutca.hu\/wp-content\/uploads\/2021\/05\/Az-angol-kir\u00e1lyn\u0151t\u0151l-a-Gundelig-page-001.jpg\" alt=\"\" width=\"2480\" height=\"3508\" srcset=\"https:\/\/www.vasutca.hu\/wp-content\/uploads\/2021\/05\/Az-angol-kir\u00e1lyn\u0151t\u0151l-a-Gundelig-page-001.jpg 2480w, https:\/\/www.vasutca.hu\/wp-content\/uploads\/2021\/05\/Az-angol-kir\u00e1lyn\u0151t\u0151l-a-Gundelig-page-001-212x300.jpg 212w, https:\/\/www.vasutca.hu\/wp-content\/uploads\/2021\/05\/Az-angol-kir\u00e1lyn\u0151t\u0151l-a-Gundelig-page-001-768x1086.jpg 768w, https:\/\/www.vasutca.hu\/wp-content\/uploads\/2021\/05\/Az-angol-kir\u00e1lyn\u0151t\u0151l-a-Gundelig-page-001-724x1024.jpg 724w\" sizes=\"(max-width: 767px) 89vw, (max-width: 1000px) 54vw, (max-width: 1071px) 543px, 580px\" \/> <img loading=\"lazy\" decoding=\"async\" class=\"alignnone size-full wp-image-1959\" src=\"http:\/\/www.vasutca.hu\/wp-content\/uploads\/2021\/05\/Marketinmix.jpg\" alt=\"\" width=\"587\" height=\"827\" srcset=\"https:\/\/www.vasutca.hu\/wp-content\/uploads\/2021\/05\/Marketinmix.jpg 587w, https:\/\/www.vasutca.hu\/wp-content\/uploads\/2021\/05\/Marketinmix-213x300.jpg 213w\" sizes=\"(max-width: 587px) 100vw, 587px\" \/><\/p>\n<p><img loading=\"lazy\" decoding=\"async\" class=\"alignnone size-full wp-image-1964\" src=\"http:\/\/www.vasutca.hu\/wp-content\/uploads\/2021\/05\/projekt-angol-Orsi.png\" alt=\"\" width=\"756\" height=\"1049\" srcset=\"https:\/\/www.vasutca.hu\/wp-content\/uploads\/2021\/05\/projekt-angol-Orsi.png 756w, https:\/\/www.vasutca.hu\/wp-content\/uploads\/2021\/05\/projekt-angol-Orsi-216x300.png 216w, https:\/\/www.vasutca.hu\/wp-content\/uploads\/2021\/05\/projekt-angol-Orsi-738x1024.png 738w\" sizes=\"(max-width: 706px) 89vw, (max-width: 767px) 82vw, 740px\" \/><\/p>","protected":false},"excerpt":{"rendered":"","protected":false},"author":4,"featured_media":0,"parent":0,"menu_order":0,"comment_status":"closed","ping_status":"closed","template":"","meta":{"footnotes":""},"_links":{"self":[{"href":"https:\/\/www.vasutca.hu\/index.php?rest_route=\/wp\/v2\/pages\/1949"}],"collection":[{"href":"https:\/\/www.vasutca.hu\/index.php?rest_route=\/wp\/v2\/pages"}],"about":[{"href":"https:\/\/www.vasutca.hu\/index.php?rest_route=\/wp\/v2\/types\/page"}],"author":[{"embeddable":true,"href":"https:\/\/www.vasutca.hu\/index.php?rest_route=\/wp\/v2\/users\/4"}],"replies":[{"embeddable":true,"href":"https:\/\/www.vasutca.hu\/index.php?rest_route=%2Fwp%2Fv2%2Fcomments&post=1949"}],"version-history":[{"count":7,"href":"https:\/\/www.vasutca.hu\/index.php?rest_route=\/wp\/v2\/pages\/1949\/revisions"}],"predecessor-version":[{"id":3980,"href":"https:\/\/www.vasutca.hu\/index.php?rest_route=\/wp\/v2\/pages\/1949\/revisions\/3980"}],"wp:attachment":[{"href":"https:\/\/www.vasutca.hu\/index.php?rest_route=%2Fwp%2Fv2%2Fmedia&parent=1949"}],"curies":[{"name":"wp","href":"https:\/\/api.w.org\/{rel}","templated":true}]}}