{"id":1583,"date":"2020-08-25T14:38:42","date_gmt":"2020-08-25T13:38:42","guid":{"rendered":"http:\/\/www.vasutca.hu\/?page_id=1583"},"modified":"2024-01-30T11:09:50","modified_gmt":"2024-01-30T10:09:50","slug":"kapcsolat","status":"publish","type":"page","link":"https:\/\/www.vasutca.hu\/?page_id=1583","title":{"rendered":"Kapcsolat"},"content":{"rendered":"<h4><strong>BGSZC Sz\u00e9chenyi Istv\u00e1n Kereskedelmi Technikum<\/strong><\/h4>\n<p><strong>1088 Budapest, Vas utca 9-11.<\/strong><\/p>\n<p><strong>iskola@vasutca.hu<\/strong><\/p>\n<p><a href=\"https:\/\/www.facebook.com\/vasutca\/\">Facebook<\/a><\/p>\n<p><strong>+36 1 338 44 80<\/strong><\/p>\n\n\n<h4 class=\"wp-block-heading\"><span style=\"color:#085136\" class=\"has-inline-color\"><strong>SZ\u00c9CHENYI 200 ALAPITV\u00c1NY<\/strong><\/span><\/h4>\n\n\n\n<p><strong><span style=\"color:#06653e\" class=\"has-inline-color\">Ad\u00f3sz\u00e1m: 18004298-1-42<\/span><\/strong><\/p>\n","protected":false},"excerpt":{"rendered":"<p>BGSZC Sz\u00e9chenyi Istv\u00e1n Kereskedelmi Technikum 1088 Budapest, Vas utca 9-11. iskola@vasutca.hu Facebook +36 1 338 44 80 SZ\u00c9CHENYI 200 ALAPITV\u00c1NY Ad\u00f3sz\u00e1m: 18004298-1-42<\/p>\n","protected":false},"author":4,"featured_media":0,"parent":0,"menu_order":0,"comment_status":"closed","ping_status":"closed","template":"","meta":{"footnotes":""},"_links":{"self":[{"href":"https:\/\/www.vasutca.hu\/index.php?rest_route=\/wp\/v2\/pages\/1583"}],"collection":[{"href":"https:\/\/www.vasutca.hu\/index.php?rest_route=\/wp\/v2\/pages"}],"about":[{"href":"https:\/\/www.vasutca.hu\/index.php?rest_route=\/wp\/v2\/types\/page"}],"author":[{"embeddable":true,"href":"https:\/\/www.vasutca.hu\/index.php?rest_route=\/wp\/v2\/users\/4"}],"replies":[{"embeddable":true,"href":"https:\/\/www.vasutca.hu\/index.php?rest_route=%2Fwp%2Fv2%2Fcomments&post=1583"}],"version-history":[{"count":8,"href":"https:\/\/www.vasutca.hu\/index.php?rest_route=\/wp\/v2\/pages\/1583\/revisions"}],"predecessor-version":[{"id":2956,"href":"https:\/\/www.vasutca.hu\/index.php?rest_route=\/wp\/v2\/pages\/1583\/revisions\/2956"}],"wp:attachment":[{"href":"https:\/\/www.vasutca.hu\/index.php?rest_route=%2Fwp%2Fv2%2Fmedia&parent=1583"}],"curies":[{"name":"wp","href":"https:\/\/api.w.org\/{rel}","templated":true}]}}